{"id":10072,"date":"2024-06-30T09:56:24","date_gmt":"2024-06-30T09:56:24","guid":{"rendered":"https:\/\/soleilsky.com.tr\/shop\/?post_type=product&#038;p=10072"},"modified":"2024-07-08T13:20:29","modified_gmt":"2024-07-08T13:20:29","slug":"hercules-10","status":"publish","type":"product","link":"https:\/\/soleilsky.com.tr\/shop\/urun\/hercules-10\/","title":{"rendered":"HERCULES 10"},"content":{"rendered":"<p><strong>G\u00dc\u00c7L\u00dc<\/strong><\/p>\n<p>Hercules 10, 16,5 lbs&#8217;ye (7,5 kg) kadar kald\u0131rabilir ve \u00e7ok \u00e7e\u015fitli y\u00fckleri ta\u015f\u0131yabilir<\/p>\n<p><strong>DAYANIKLI<\/strong><\/p>\n<p>Karbon fiber \u00e7er\u00e7evesi ve anodize al\u00fcminyum ba\u011flant\u0131 elemanlar\u0131 Hercules 10&#8217;u son derece dayan\u0131kl\u0131 k\u0131l\u0131yor<\/p>\n<p><strong>DAHA UZUN U\u00c7U\u015e S\u00dcRES\u0130<\/strong><\/p>\n<p>\u00c7\u0131kar\u0131labilir kollar\u0131 ve ini\u015f tak\u0131m\u0131yla Hercules 10&#8217;un ta\u015f\u0131nmas\u0131 kolayd\u0131r<\/p>\n","protected":false},"excerpt":{"rendered":"<p>G\u00dc\u00c7L\u00dc Hercules 10, 16,5 lbs&#8217;ye (7,5 kg) kadar kald\u0131rabilir ve \u00e7ok \u00e7e\u015fitli y\u00fckleri ta\u015f\u0131yabilir DAYANIKLI Karbon fiber \u00e7er\u00e7evesi ve anodize al\u00fcminyum ba\u011flant\u0131 elemanlar\u0131 Hercules 10&#8217;u son derece dayan\u0131kl\u0131 k\u0131l\u0131yor DAHA UZUN U\u00c7U\u015e S\u00dcRES\u0130 \u00c7\u0131kar\u0131labilir kollar\u0131 ve ini\u015f tak\u0131m\u0131yla Hercules 10&#8217;un ta\u015f\u0131nmas\u0131 kolayd\u0131r<\/p>\n","protected":false},"featured_media":10073,"comment_status":"open","ping_status":"closed","template":"","meta":[],"product_cat":[681,723,304,256],"product_tag":[],"_links":{"self":[{"href":"https:\/\/soleilsky.com.tr\/shop\/wp-json\/wp\/v2\/product\/10072"}],"collection":[{"href":"https:\/\/soleilsky.com.tr\/shop\/wp-json\/wp\/v2\/product"}],"about":[{"href":"https:\/\/soleilsky.com.tr\/shop\/wp-json\/wp\/v2\/types\/product"}],"replies":[{"embeddable":true,"href":"https:\/\/soleilsky.com.tr\/shop\/wp-json\/wp\/v2\/comments?post=10072"}],"wp:featuredmedia":[{"embeddable":true,"href":"https:\/\/soleilsky.com.tr\/shop\/wp-json\/wp\/v2\/media\/10073"}],"wp:attachment":[{"href":"https:\/\/soleilsky.com.tr\/shop\/wp-json\/wp\/v2\/media?parent=10072"}],"wp:term":[{"taxonomy":"product_cat","embeddable":true,"href":"https:\/\/soleilsky.com.tr\/shop\/wp-json\/wp\/v2\/product_cat?post=10072"},{"taxonomy":"product_tag","embeddable":true,"href":"https:\/\/soleilsky.com.tr\/shop\/wp-json\/wp\/v2\/product_tag?post=10072"}],"curies":[{"name":"wp","href":"https:\/\/api.w.org\/{rel}","templated":true}]}}