{"id":10076,"date":"2024-06-28T10:12:55","date_gmt":"2024-06-28T10:12:55","guid":{"rendered":"https:\/\/soleilsky.com.tr\/shop\/?post_type=product&#038;p=10076"},"modified":"2024-07-08T13:20:37","modified_gmt":"2024-07-08T13:20:37","slug":"hercules-20-high-dra","status":"publish","type":"product","link":"https:\/\/soleilsky.com.tr\/shop\/urun\/hercules-20-high-dra\/","title":{"rendered":"HERCULES 20 HIGH-DRA"},"content":{"rendered":"<h6 class=\"\">Y\u00dcKSEK TA\u015eIMA KAPAS\u0130TES\u0130<\/h6>\n<p>Piyasan\u0131n 15 kg kald\u0131rma kapasitesine sahip en g\u00fc\u00e7l\u00fc kald\u0131rma dronlar\u0131ndan biri.<\/p>\n<h6 class=\"service-heading\">250 BAR Y\u00dcKSEK BASIN\u00c7<\/h6>\n<p>T\u00fcm y\u00fcksek bas\u0131n\u00e7l\u0131 sistemler 250bar 28L\/Min\u2019e kadar profesyoneller i\u00e7in \u00fcretilmi\u015ftir.<\/p>\n<h6 class=\"service-heading\">ESNEK HORTUM<\/h6>\n<p>Drone, benzersiz ve kolay kullan\u0131m i\u00e7in \u00f6zel bir y\u00fcksek bas\u0131n\u00e7l\u0131, hafif hortumla donat\u0131lm\u0131\u015ft\u0131r.<\/p>\n<p>ESNEKL\u0130K<\/p>\n<p>Tedavi alan\u0131na ayarlanabilir g\u00fcvenlik mesafesine sahip esnek lans.<\/p>\n<h6 class=\"service-heading\">KABLOSUZ UZAKTAN KUMANDA<\/h6>\n<p>Kablosuz ve g\u00fc\u00e7l\u00fc uzaktan kumanda ile y\u00fcksek bas\u0131n\u00e7 sisteminin kolay ve etkili uzaktan kontrol\u00fc.<\/p>\n<h6 class=\"service-heading\">KOLAY G\u0130R\u0130\u015e TEKNOLOJ\u0130S\u0130<\/h6>\n<p>Drone, bas\u0131nc\u0131 kademeli olarak art\u0131ran ve b\u00f6ylece drone\u2019un dengesini sa\u011flayan easy-in teknolojisi ile birlikte gelir.<\/p>\n<p>HERCULES 20 H\u0130GH-DRA TEM\u0130ZL\u0130K S\u0130STEM\u0130 \u0130LE TANI\u015eIN<\/p>\n<p class=\"subtitle \">Tamamen yeni y\u00fcksek bas\u0131n\u00e7l\u0131 temizleme sistemimiz, cephe ve \u00e7at\u0131 temizli\u011finde devrim yaratmak i\u00e7in tasarlanm\u0131\u015ft\u0131r. Sistemi Hercules H20 Drone\u2019umuzun alt\u0131na kolayca takarak daha \u00f6nce hi\u00e7 olmad\u0131\u011f\u0131 kadar verimli ve zahmetsiz temizlik deneyimi ya\u015fay\u0131n. Geli\u015fmi\u015f \u00f6zelliklere ve etkileyici 250 bar bas\u0131n\u00e7 kapasitesine sahip bu sistem, ola\u011fan\u00fcst\u00fc performans sunmak i\u00e7in \u00fcretilmi\u015ftir.<\/p>\n","protected":false},"excerpt":{"rendered":"<p>Y\u00dcKSEK TA\u015eIMA KAPAS\u0130TES\u0130 Piyasan\u0131n 15 kg kald\u0131rma kapasitesine sahip en g\u00fc\u00e7l\u00fc kald\u0131rma dronlar\u0131ndan biri. 250 BAR Y\u00dcKSEK BASIN\u00c7 T\u00fcm y\u00fcksek bas\u0131n\u00e7l\u0131 sistemler 250bar 28L\/Min\u2019e kadar profesyoneller i\u00e7in \u00fcretilmi\u015ftir. ESNEK HORTUM Drone, benzersiz ve kolay kullan\u0131m i\u00e7in \u00f6zel bir y\u00fcksek bas\u0131n\u00e7l\u0131, hafif hortumla donat\u0131lm\u0131\u015ft\u0131r. ESNEKL\u0130K Tedavi alan\u0131na ayarlanabilir g\u00fcvenlik mesafesine sahip esnek lans. KABLOSUZ UZAKTAN KUMANDA&#8230;<\/p>\n","protected":false},"featured_media":10081,"comment_status":"open","ping_status":"closed","template":"","meta":[],"product_cat":[681,723,304,256],"product_tag":[],"_links":{"self":[{"href":"https:\/\/soleilsky.com.tr\/shop\/wp-json\/wp\/v2\/product\/10076"}],"collection":[{"href":"https:\/\/soleilsky.com.tr\/shop\/wp-json\/wp\/v2\/product"}],"about":[{"href":"https:\/\/soleilsky.com.tr\/shop\/wp-json\/wp\/v2\/types\/product"}],"replies":[{"embeddable":true,"href":"https:\/\/soleilsky.com.tr\/shop\/wp-json\/wp\/v2\/comments?post=10076"}],"wp:featuredmedia":[{"embeddable":true,"href":"https:\/\/soleilsky.com.tr\/shop\/wp-json\/wp\/v2\/media\/10081"}],"wp:attachment":[{"href":"https:\/\/soleilsky.com.tr\/shop\/wp-json\/wp\/v2\/media?parent=10076"}],"wp:term":[{"taxonomy":"product_cat","embeddable":true,"href":"https:\/\/soleilsky.com.tr\/shop\/wp-json\/wp\/v2\/product_cat?post=10076"},{"taxonomy":"product_tag","embeddable":true,"href":"https:\/\/soleilsky.com.tr\/shop\/wp-json\/wp\/v2\/product_tag?post=10076"}],"curies":[{"name":"wp","href":"https:\/\/api.w.org\/{rel}","templated":true}]}}