{"id":10086,"date":"2024-06-24T01:51:17","date_gmt":"2024-06-24T01:51:17","guid":{"rendered":"https:\/\/soleilsky.com.tr\/shop\/?post_type=product&#038;p=10086"},"modified":"2024-07-08T13:20:53","modified_gmt":"2024-07-08T13:20:53","slug":"drone-volt-kobra","status":"publish","type":"product","link":"https:\/\/soleilsky.com.tr\/shop\/urun\/drone-volt-kobra\/","title":{"rendered":"DRONE VOLT KOBRA"},"content":{"rendered":"<p><strong>OPERASYONEL VER\u0130ML\u0130L\u0130K \u0130\u00c7\u0130N AKILLI, PROFESYONEL B\u0130R DRONE<\/strong><br \/>\nG\u00f6zetleme, g\u00fcvenlik ve denetim sekt\u00f6rleri i\u00e7in geli\u015ftirilen bu Avrupa yap\u0131m\u0131 drone, \u00e7ok ama\u00e7l\u0131 son teknoloji \u00fcr\u00fcn\u00fc bir ara\u00e7t\u0131r. Platform, b\u00fcy\u00fck esneklik ve sonsuz konfig\u00fcrasyon kombinasyonu sunan yapay zekaya haz\u0131r bir nano bilgisayarlarla donat\u0131lm\u0131\u015ft\u0131r. Quadcopter tek ba\u015f\u0131na 4 stratejik varl\u0131\u011f\u0131 birle\u015ftirir: zeka, g\u00fc\u00e7, ba\u011flant\u0131 ve mod\u00fclerlik. Her t\u00fcrl\u00fc g\u00f6reve uyacak \u015fekilde yap\u0131land\u0131r\u0131lmas\u0131na olanak tan\u0131yan bir dizi teknoloji birle\u015ftirir.<\/p>\n<p><strong>Y\u00dcKSEK TA\u015eIMA KAPAS\u0130TES\u0130<\/strong><br \/>\n5 kg&#8217;l\u0131k ta\u015f\u0131ma y\u00fck\u00fcne sahip drone, geli\u015fmi\u015f sens\u00f6rler, end\u00fcstriyel aletler ve \u00e7ok daha fazlas\u0131n\u0131 ta\u015f\u0131yabiliyor.<\/p>\n<p><strong>SINIRSIZ BA\u011eLANTI<\/strong><br \/>\n4G\/5G, Wi-Fi ve Bluetooth ba\u011flant\u0131s\u0131 en uzak ortamlarda bile ba\u011flant\u0131y\u0131 garanti eder. HDMI, Ethernet, USB, UART\/Seri ve CAN ba\u011flant\u0131 noktalar\u0131 di\u011fer ekipman ve y\u00fcklerle entegrasyonu m\u00fcmk\u00fcn k\u0131lar.<\/p>\n<p>OLA\u011eAN\u00dcST\u00dc U\u00c7U\u015e PERFORMANSI<br \/>\nDrone, y\u00fcks\u00fcz olarak 55 dakikaya kadar ve 5 kg&#8217;l\u0131k y\u00fck ile 30 dakikaya kadar u\u00e7arak daha uzun, daha verimli g\u00f6revlere olanak tan\u0131yor.<\/p>\n<p><strong>AES-128 \u015e\u0130FREL\u0130 VER\u0130LER<\/strong><br \/>\nAES (Geli\u015fmi\u015f \u015eifreleme Standard\u0131) veri \u015fifrelemesi, drone ile uzaktan kumanda aras\u0131nda g\u00fcvenli ileti\u015fim sa\u011flar.<\/p>\n<p><strong>YERLE\u015e\u0130K YAPAY ZEKANIN G\u00dcC\u00dc<\/strong><br \/>\nEntegre Nvidia Xavier Nx yerle\u015fik bilgisayar\u0131, \u00f6zel AI uygulamalar\u0131n\u0131n (ger\u00e7ek zamanl\u0131 g\u00f6r\u00fcnt\u00fc analizi, anormallik tespiti ve \u00e7ok daha fazlas\u0131) geli\u015ftirilmesine olanak tan\u0131r.<\/p>\n<p><strong>HASSAS KONUMLANDIRMA<\/strong><br \/>\nYerle\u015fik RTK teknolojisine sahip son teknoloji \u00fcr\u00fcn\u00fc ikili GPS konumland\u0131rma sistemiyle santimetre hassasiyetinde veriler elde edin.<\/p>\n","protected":false},"excerpt":{"rendered":"<p>OPERASYONEL VER\u0130ML\u0130L\u0130K \u0130\u00c7\u0130N AKILLI, PROFESYONEL B\u0130R DRONE G\u00f6zetleme, g\u00fcvenlik ve denetim sekt\u00f6rleri i\u00e7in geli\u015ftirilen bu Avrupa yap\u0131m\u0131 drone, \u00e7ok ama\u00e7l\u0131 son teknoloji \u00fcr\u00fcn\u00fc bir ara\u00e7t\u0131r. Platform, b\u00fcy\u00fck esneklik ve sonsuz konfig\u00fcrasyon kombinasyonu sunan yapay zekaya haz\u0131r bir nano bilgisayarlarla donat\u0131lm\u0131\u015ft\u0131r. Quadcopter tek ba\u015f\u0131na 4 stratejik varl\u0131\u011f\u0131 birle\u015ftirir: zeka, g\u00fc\u00e7, ba\u011flant\u0131 ve mod\u00fclerlik. Her t\u00fcrl\u00fc g\u00f6reve&#8230;<\/p>\n","protected":false},"featured_media":10087,"comment_status":"open","ping_status":"closed","template":"","meta":[],"product_cat":[723,304,256],"product_tag":[],"_links":{"self":[{"href":"https:\/\/soleilsky.com.tr\/shop\/wp-json\/wp\/v2\/product\/10086"}],"collection":[{"href":"https:\/\/soleilsky.com.tr\/shop\/wp-json\/wp\/v2\/product"}],"about":[{"href":"https:\/\/soleilsky.com.tr\/shop\/wp-json\/wp\/v2\/types\/product"}],"replies":[{"embeddable":true,"href":"https:\/\/soleilsky.com.tr\/shop\/wp-json\/wp\/v2\/comments?post=10086"}],"wp:featuredmedia":[{"embeddable":true,"href":"https:\/\/soleilsky.com.tr\/shop\/wp-json\/wp\/v2\/media\/10087"}],"wp:attachment":[{"href":"https:\/\/soleilsky.com.tr\/shop\/wp-json\/wp\/v2\/media?parent=10086"}],"wp:term":[{"taxonomy":"product_cat","embeddable":true,"href":"https:\/\/soleilsky.com.tr\/shop\/wp-json\/wp\/v2\/product_cat?post=10086"},{"taxonomy":"product_tag","embeddable":true,"href":"https:\/\/soleilsky.com.tr\/shop\/wp-json\/wp\/v2\/product_tag?post=10086"}],"curies":[{"name":"wp","href":"https:\/\/api.w.org\/{rel}","templated":true}]}}