{"id":10088,"date":"2024-06-23T01:52:35","date_gmt":"2024-06-23T01:52:35","guid":{"rendered":"https:\/\/soleilsky.com.tr\/shop\/?post_type=product&#038;p=10088"},"modified":"2024-07-08T13:20:56","modified_gmt":"2024-07-08T13:20:56","slug":"hercules-2","status":"publish","type":"product","link":"https:\/\/soleilsky.com.tr\/shop\/urun\/hercules-2\/","title":{"rendered":"HERCULES 2"},"content":{"rendered":"<p>DAYANIKLI<br \/>\n\u00c7ok jetli f\u00fczyon yap\u0131s\u0131<\/p>\n<p>OTOMAT\u0130K G\u00d6REVLER<br \/>\nKullan\u0131m\u0131 kolay ve sezgisel \u00f6zel yaz\u0131l\u0131m.<\/p>\n<p>HIZLI<br \/>\n90km\/sa (55 mil\/sa) \u00fczerinde h\u0131zla u\u00e7ar.<\/p>\n<p>VER\u0130 G\u00dcVENL\u0130\u011e\u0130<br \/>\nVeriler AES 256 ile \u015fifrelenmi\u015ftir. Veri eri\u015fimi ve aktar\u0131m\u0131 yok.<\/p>\n<p>HIZLI KONU\u015eLANDIRMA<br \/>\nKullan\u0131ma haz\u0131r \u0130HA. Montaj gerektirmez. Kendinden kilitlemeli pervaneler.<\/p>\n<p>HAF\u0130F VE KOMPAKT<br \/>\nK\u00fc\u00e7\u00fck \u0130HA, 2 kg&#8217;dan (4,4 lbs) daha az, kolayca ta\u015f\u0131nacak \u015fekilde tasarlanm\u0131\u015ft\u0131r.<\/p>\n<p>10X OPT\u0130K ZOOM \u00d6ZELL\u0130KL\u0130 HD KAMERA<br \/>\nViewpro Q10F kamera, videolar\u0131 \u00e7ok y\u00fcksek kalitede kaydeden ultra kompakt bir kamerad\u0131r.<br \/>\n4Mpx 1\/3 CMOS sens\u00f6rle donat\u0131lm\u0131\u015f olan bu cihaz, m\u00fckemmel g\u00f6r\u00fcnt\u00fc netli\u011fi ve azalt\u0131lm\u0131\u015f bozulma ile HD (30 FPS\u2019de 1080p) video kayd\u0131 yapar. Altyap\u0131lar\u0131n hassas bir \u015fekilde incelenmesine olanak tan\u0131yan 10x optik yak\u0131nla\u015ft\u0131rma (F = 4,9 ~ 49 mm) ile donat\u0131lm\u0131\u015ft\u0131r.<\/p>\n<p>SA\u011eLAM<br \/>\nG\u00fc\u00e7lendirilmi\u015f \u00e7ok jetli f\u00fczyon yap\u0131s\u0131, \u0130HA\u2019ya daha iyi bir sertlik ve darbelere kar\u015f\u0131 y\u00fcksek diren\u00e7 sa\u011flar ve 90 km\/saate (55 mph) kadar u\u00e7abilir. Orta \u015fiddette ya\u011fmurda 40 km\/saate (25 mph) kadar r\u00fczgarlara dayan\u0131kl\u0131d\u0131r.<\/p>\n<p>\u00c7OK Y\u00d6NL\u00dc<br \/>\n10x optik zoom ve d\u00fc\u015f\u00fck a\u011f\u0131rl\u0131\u011f\u0131 (sadece 1,8 kg) ile Hercules 2 \u00e7ok y\u00f6nl\u00fcl\u00fc\u011fe sahiptir ve G\u00fcvenlik, \u0130n\u015faat, Denetim, Enerji ve Savunma gibi \u00e7e\u015fitli alanlarda ve sadece farkl\u0131 ortam t\u00fcrlerinde (kentsel, k\u0131rsal, \u015fantiyeler\u2026) g\u00f6revleri yerine getirebilir.<\/p>\n<p>VER\u0130 G\u00dcVENL\u0130\u011e\u0130<br \/>\n\u00d6nceli\u011fimiz verilerinizin g\u00fcvenli\u011fi ve gizlili\u011fidir. Verilerinize hi\u00e7bir eri\u015fim veya aktar\u0131m garantisi vermiyoruz. Herk\u00fcl 2\u2019nin iletimi tamamen g\u00fcvenlidir ve AES 256 ile \u015fifrelenmi\u015ftir.<\/p>\n<p>U\u00c7MAYA HAZIR<br \/>\nHercules 2 g\u00f6reve ba\u015flamak i\u00e7in herhangi bir montaj gerektirmez. Kollar\u0131 a\u00e7maya gerek yoktur, hemen \u00e7al\u0131\u015fmaya ba\u015flar. K\u00fc\u00e7\u00fck boyutu (360mmx360mm\/14.1\u201dx14.1\u201d) onu son derece kompakt ve ta\u015f\u0131mas\u0131 kolay hale getirir. U\u00e7u\u015f s\u00fcresi 14 dakikad\u0131r.<\/p>\n","protected":false},"excerpt":{"rendered":"<p>DAYANIKLI \u00c7ok jetli f\u00fczyon yap\u0131s\u0131 OTOMAT\u0130K G\u00d6REVLER Kullan\u0131m\u0131 kolay ve sezgisel \u00f6zel yaz\u0131l\u0131m. HIZLI 90km\/sa (55 mil\/sa) \u00fczerinde h\u0131zla u\u00e7ar. VER\u0130 G\u00dcVENL\u0130\u011e\u0130 Veriler AES 256 ile \u015fifrelenmi\u015ftir. Veri eri\u015fimi ve aktar\u0131m\u0131 yok. HIZLI KONU\u015eLANDIRMA Kullan\u0131ma haz\u0131r \u0130HA. Montaj gerektirmez. Kendinden kilitlemeli pervaneler. HAF\u0130F VE KOMPAKT K\u00fc\u00e7\u00fck \u0130HA, 2 kg&#8217;dan (4,4 lbs) daha az, kolayca ta\u015f\u0131nacak&#8230;<\/p>\n","protected":false},"featured_media":10089,"comment_status":"open","ping_status":"closed","template":"","meta":[],"product_cat":[723,304,256],"product_tag":[],"_links":{"self":[{"href":"https:\/\/soleilsky.com.tr\/shop\/wp-json\/wp\/v2\/product\/10088"}],"collection":[{"href":"https:\/\/soleilsky.com.tr\/shop\/wp-json\/wp\/v2\/product"}],"about":[{"href":"https:\/\/soleilsky.com.tr\/shop\/wp-json\/wp\/v2\/types\/product"}],"replies":[{"embeddable":true,"href":"https:\/\/soleilsky.com.tr\/shop\/wp-json\/wp\/v2\/comments?post=10088"}],"wp:featuredmedia":[{"embeddable":true,"href":"https:\/\/soleilsky.com.tr\/shop\/wp-json\/wp\/v2\/media\/10089"}],"wp:attachment":[{"href":"https:\/\/soleilsky.com.tr\/shop\/wp-json\/wp\/v2\/media?parent=10088"}],"wp:term":[{"taxonomy":"product_cat","embeddable":true,"href":"https:\/\/soleilsky.com.tr\/shop\/wp-json\/wp\/v2\/product_cat?post=10088"},{"taxonomy":"product_tag","embeddable":true,"href":"https:\/\/soleilsky.com.tr\/shop\/wp-json\/wp\/v2\/product_tag?post=10088"}],"curies":[{"name":"wp","href":"https:\/\/api.w.org\/{rel}","templated":true}]}}