{"id":10107,"date":"2024-06-14T02:14:51","date_gmt":"2024-06-14T02:14:51","guid":{"rendered":"https:\/\/soleilsky.com.tr\/shop\/?post_type=product&#038;p=10107"},"modified":"2024-07-08T13:21:32","modified_gmt":"2024-07-08T13:21:32","slug":"genisletilebilir-ag","status":"publish","type":"product","link":"https:\/\/soleilsky.com.tr\/shop\/urun\/genisletilebilir-ag\/","title":{"rendered":"TANK P\u00dcSK\u00dcRTME S\u0130STEM\u0130"},"content":{"rendered":"<h4>PROFESYONEL \u0130HA\u2019LAR HERCULES 20 \u0130\u00c7\u0130N TANKLI P\u00dcSK\u00dcRTME S\u0130STEM\u0130.<\/h4>\n<p><strong>E\u011fimli tar\u0131m arazilerine g\u00fcvenle p\u00fcsk\u00fcrt\u00fcn.<\/strong><\/p>\n<ul>\n<li>4 nozul<\/li>\n<li>P\u00fcsk\u00fcrt\u00fclen ak\u0131\u015f\u0131n hassas kontrol\u00fc<\/li>\n<li>Bir Uygulama arac\u0131l\u0131\u011f\u0131yla ayarlanabilir damlac\u0131k boyutu ve miktar\u0131<\/li>\n<li>12L (3,17 gal) tank<\/li>\n<li>IPX7 korumal\u0131 \u2013 Su ve toz ge\u00e7irmez<\/li>\n<\/ul>\n","protected":false},"excerpt":{"rendered":"<p>PROFESYONEL \u0130HA\u2019LAR HERCULES 20 \u0130\u00c7\u0130N TANKLI P\u00dcSK\u00dcRTME S\u0130STEM\u0130. E\u011fimli tar\u0131m arazilerine g\u00fcvenle p\u00fcsk\u00fcrt\u00fcn. 4 nozul P\u00fcsk\u00fcrt\u00fclen ak\u0131\u015f\u0131n hassas kontrol\u00fc Bir Uygulama arac\u0131l\u0131\u011f\u0131yla ayarlanabilir damlac\u0131k boyutu ve miktar\u0131 12L (3,17 gal) tank IPX7 korumal\u0131 \u2013 Su ve toz ge\u00e7irmez<\/p>\n","protected":false},"featured_media":10109,"comment_status":"open","ping_status":"closed","template":"","meta":[],"product_cat":[723,226,224],"product_tag":[],"_links":{"self":[{"href":"https:\/\/soleilsky.com.tr\/shop\/wp-json\/wp\/v2\/product\/10107"}],"collection":[{"href":"https:\/\/soleilsky.com.tr\/shop\/wp-json\/wp\/v2\/product"}],"about":[{"href":"https:\/\/soleilsky.com.tr\/shop\/wp-json\/wp\/v2\/types\/product"}],"replies":[{"embeddable":true,"href":"https:\/\/soleilsky.com.tr\/shop\/wp-json\/wp\/v2\/comments?post=10107"}],"wp:featuredmedia":[{"embeddable":true,"href":"https:\/\/soleilsky.com.tr\/shop\/wp-json\/wp\/v2\/media\/10109"}],"wp:attachment":[{"href":"https:\/\/soleilsky.com.tr\/shop\/wp-json\/wp\/v2\/media?parent=10107"}],"wp:term":[{"taxonomy":"product_cat","embeddable":true,"href":"https:\/\/soleilsky.com.tr\/shop\/wp-json\/wp\/v2\/product_cat?post=10107"},{"taxonomy":"product_tag","embeddable":true,"href":"https:\/\/soleilsky.com.tr\/shop\/wp-json\/wp\/v2\/product_tag?post=10107"}],"curies":[{"name":"wp","href":"https:\/\/api.w.org\/{rel}","templated":true}]}}