{"id":10110,"date":"2024-06-13T02:17:01","date_gmt":"2024-06-13T02:17:01","guid":{"rendered":"https:\/\/soleilsky.com.tr\/shop\/?post_type=product&#038;p=10110"},"modified":"2024-07-08T13:21:36","modified_gmt":"2024-07-08T13:21:36","slug":"genisletilebilir-ag-2","status":"publish","type":"product","link":"https:\/\/soleilsky.com.tr\/shop\/urun\/genisletilebilir-ag-2\/","title":{"rendered":"GEN\u0130\u015eLET\u0130LEB\u0130L\u0130R A\u011e"},"content":{"rendered":"<div class=\"elementor-element elementor-element-b1b7254 sc_fly_static elementor-widget elementor-widget-heading\" data-id=\"b1b7254\" data-element_type=\"widget\" data-widget_type=\"heading.default\">\n<div class=\"elementor-widget-container\">\n<h2 class=\"elementor-heading-title elementor-size-default\"><span style=\"font-size: 1.5rem; letter-spacing: 0em;\">A\u011eIR Y\u00dcKLER\u0130N TA\u015eINMASI \u0130\u00c7\u0130N ELAST\u0130K A\u011e<\/span><\/h2>\n<\/div>\n<\/div>\n<div class=\"elementor-element elementor-element-a8444af sc_fly_static elementor-widget elementor-widget-text-editor\" data-id=\"a8444af\" data-element_type=\"widget\" data-widget_type=\"text-editor.default\">\n<div class=\"elementor-widget-container\">\n<p><strong>Hercules 10 ve 20 drone\u2019larla uyumlu, drone\u2019un radyo kontrol\u00fc ile kontrol edilen drone serbest b\u0131rakma sistemi.<\/strong><\/p>\n<ul>\n<li>Esnek ve dayan\u0131kl\u0131 file<\/li>\n<li>Hercules 20 ile 15 kg\u2019a kadar y\u00fcklerin ta\u015f\u0131nmas\u0131<\/li>\n<li>Hercules 10 ile 7,5 kg\u2019a kadar y\u00fcklerin ta\u015f\u0131nmas\u0131<\/li>\n<\/ul>\n<\/div>\n<\/div>\n","protected":false},"excerpt":{"rendered":"<p>A\u011eIR Y\u00dcKLER\u0130N TA\u015eINMASI \u0130\u00c7\u0130N ELAST\u0130K A\u011e Hercules 10 ve 20 drone\u2019larla uyumlu, drone\u2019un radyo kontrol\u00fc ile kontrol edilen drone serbest b\u0131rakma sistemi. Esnek ve dayan\u0131kl\u0131 file Hercules 20 ile 15 kg\u2019a kadar y\u00fcklerin ta\u015f\u0131nmas\u0131 Hercules 10 ile 7,5 kg\u2019a kadar y\u00fcklerin ta\u015f\u0131nmas\u0131<\/p>\n","protected":false},"featured_media":10108,"comment_status":"open","ping_status":"closed","template":"","meta":[],"product_cat":[723,226,224],"product_tag":[],"_links":{"self":[{"href":"https:\/\/soleilsky.com.tr\/shop\/wp-json\/wp\/v2\/product\/10110"}],"collection":[{"href":"https:\/\/soleilsky.com.tr\/shop\/wp-json\/wp\/v2\/product"}],"about":[{"href":"https:\/\/soleilsky.com.tr\/shop\/wp-json\/wp\/v2\/types\/product"}],"replies":[{"embeddable":true,"href":"https:\/\/soleilsky.com.tr\/shop\/wp-json\/wp\/v2\/comments?post=10110"}],"wp:featuredmedia":[{"embeddable":true,"href":"https:\/\/soleilsky.com.tr\/shop\/wp-json\/wp\/v2\/media\/10108"}],"wp:attachment":[{"href":"https:\/\/soleilsky.com.tr\/shop\/wp-json\/wp\/v2\/media?parent=10110"}],"wp:term":[{"taxonomy":"product_cat","embeddable":true,"href":"https:\/\/soleilsky.com.tr\/shop\/wp-json\/wp\/v2\/product_cat?post=10110"},{"taxonomy":"product_tag","embeddable":true,"href":"https:\/\/soleilsky.com.tr\/shop\/wp-json\/wp\/v2\/product_tag?post=10110"}],"curies":[{"name":"wp","href":"https:\/\/api.w.org\/{rel}","templated":true}]}}