{"id":5499,"date":"2020-10-19T16:09:28","date_gmt":"2020-10-19T16:09:28","guid":{"rendered":"https:\/\/soleilsky.com.tr\/shop\/?post_type=product&#038;p=5499"},"modified":"2022-04-05T16:18:14","modified_gmt":"2022-04-05T16:18:14","slug":"lexar-128gb-2000x-professional-sdxc-rdr-uii","status":"publish","type":"product","link":"https:\/\/soleilsky.com.tr\/shop\/urun\/lexar-128gb-2000x-professional-sdxc-rdr-uii\/","title":{"rendered":"Lexar 128GB 2000x Professional SDXC RDR UII"},"content":{"rendered":"<div id=\"ppd\">\n<div id=\"centerCol\" class=\"centerColAlign centerColAlign-bbcxoverride\">\n<div id=\"featurebullets_feature_div\" class=\"celwidget\" data-feature-name=\"featurebullets\" data-csa-c-id=\"ouse4y-6zq0fd-4emfhc-eftqv9\" data-cel-widget=\"featurebullets_feature_div\">\n<div id=\"feature-bullets\" class=\"a-section a-spacing-medium a-spacing-top-small\">\n<ul class=\"a-unordered-list a-vertical a-spacing-mini\">\n<li><span class=\"a-list-item\">Karttan bilgisayara y\u00fcksek h\u0131zl\u0131 dosya aktar\u0131m\u0131 i\u00e7in SD UHS-II okuyucuyu i\u00e7erir, i\u015f ak\u0131\u015f\u0131n\u0131 \u00f6nemli \u00f6l\u00e7\u00fcde h\u0131zland\u0131r\u0131r<\/span><\/li>\n<li><span class=\"a-list-item\">Bir DSLR foto\u011fraf makinesi, HD video kamera veya 3D kamera ile y\u00fcksek kaliteli g\u00f6r\u00fcnt\u00fcler ve \u00e7arp\u0131c\u0131 1080p tam HD, 3D ve 4K video \u00e7eker<\/span><\/li>\n<li><span class=\"a-list-item\">UHS-I cihazlar\u0131 ile geriye d\u00f6n\u00fck uyumlu<\/span><\/li>\n<li><span class=\"a-list-item\">128GB 2000x Professional SDXC RDR UII<\/span><\/li>\n<\/ul>\n<\/div>\n<\/div>\n<p id=\"addOnItem_feature_div\" class=\"celwidget\" data-feature-name=\"addOnItem\" data-csa-c-id=\"3o6ka9-d5dnaw-votqhs-reiyyq\" data-cel-widget=\"addOnItem_feature_div\">\n<div id=\"andonCord_feature_div\" class=\"celwidget\" data-feature-name=\"andonCord\" data-csa-c-id=\"tdy5k0-vchgme-a54o71-hbdo7p\" data-cel-widget=\"andonCord_feature_div\"><\/div>\n<div id=\"edpIngress_feature_div\" class=\"celwidget\" data-feature-name=\"edpIngress\" data-csa-c-id=\"hjbsdb-y5bwk5-vpg7e4-bz6fng\" data-cel-widget=\"edpIngress_feature_div\"><\/div>\n<div id=\"legalEUAtf_feature_div\" class=\"celwidget\" data-feature-name=\"legalEUAtf\" data-csa-c-id=\"3c1dvt-fh279b-rm8g27-3v8s3y\" data-cel-widget=\"legalEUAtf_feature_div\"><\/div>\n<div id=\"newerVersion_feature_div\" class=\"celwidget\" data-feature-name=\"newerVersion\" data-csa-c-id=\"kvc50m-x3zlav-u2jc7z-adlu9v\" data-cel-widget=\"newerVersion_feature_div\"><\/div>\n<div id=\"valuePick_feature_div\" class=\"celwidget\" data-feature-name=\"valuePick\" data-csa-c-id=\"yfdbhe-9dr49h-3wq2xm-2ek1pt\" data-cel-widget=\"valuePick_feature_div\"><\/div>\n<div id=\"whiteGloveMessage_feature_div\" class=\"celwidget\" data-feature-name=\"whiteGloveMessage\" data-csa-c-id=\"2m0dn8-qeqhq-ivj68w-2ea2e3\" data-cel-widget=\"whiteGloveMessage_feature_div\"><\/div>\n<div id=\"productAlert_feature_div\" class=\"celwidget\" data-feature-name=\"productAlert\" data-csa-c-id=\"6qobj-c261bu-j4exuo-ggp4fd\" data-cel-widget=\"productAlert_feature_div\"><\/div>\n<div id=\"vendorPoweredCoupon_feature_div\" class=\"celwidget\" data-feature-name=\"vendorPoweredCoupon\" data-csa-c-id=\"70b489-pg0447-1qjo8m-fg6yp9\" data-cel-widget=\"vendorPoweredCoupon_feature_div\"><\/div>\n<\/div>\n<div id=\"hqpWrapper\" class=\"centerColAlign centerColAlign-bbcxoverride\">\n<div id=\"heroQuickPromo_feature_div\" class=\"celwidget\" data-feature-name=\"heroQuickPromo\" data-csa-c-id=\"8dlngw-kcwoiz-a3mtb9-bltz05\" data-cel-widget=\"heroQuickPromo_feature_div\">\n<div id=\"hero-quick-promo-grid_feature_div\"><\/div>\n<\/div>\n<\/div>\n<\/div>\n","protected":false},"excerpt":{"rendered":"<header class=\"title-wrapper\">\n<p id=\"title\" class=\"a-size-large a-spacing-none\"><strong><span id=\"productTitle\" class=\"a-size-large product-title-word-break\">Lexar 128GB 2000x Professional SDXC<\/span><\/strong><\/p>\n<\/header>\n","protected":false},"featured_media":9651,"comment_status":"open","ping_status":"closed","template":"","meta":[],"product_cat":[232],"product_tag":[271,273,272,274],"_links":{"self":[{"href":"https:\/\/soleilsky.com.tr\/shop\/wp-json\/wp\/v2\/product\/5499"}],"collection":[{"href":"https:\/\/soleilsky.com.tr\/shop\/wp-json\/wp\/v2\/product"}],"about":[{"href":"https:\/\/soleilsky.com.tr\/shop\/wp-json\/wp\/v2\/types\/product"}],"replies":[{"embeddable":true,"href":"https:\/\/soleilsky.com.tr\/shop\/wp-json\/wp\/v2\/comments?post=5499"}],"wp:featuredmedia":[{"embeddable":true,"href":"https:\/\/soleilsky.com.tr\/shop\/wp-json\/wp\/v2\/media\/9651"}],"wp:attachment":[{"href":"https:\/\/soleilsky.com.tr\/shop\/wp-json\/wp\/v2\/media?parent=5499"}],"wp:term":[{"taxonomy":"product_cat","embeddable":true,"href":"https:\/\/soleilsky.com.tr\/shop\/wp-json\/wp\/v2\/product_cat?post=5499"},{"taxonomy":"product_tag","embeddable":true,"href":"https:\/\/soleilsky.com.tr\/shop\/wp-json\/wp\/v2\/product_tag?post=5499"}],"curies":[{"name":"wp","href":"https:\/\/api.w.org\/{rel}","templated":true}]}}