{"id":5535,"date":"2020-10-20T10:37:59","date_gmt":"2020-10-20T10:37:59","guid":{"rendered":"https:\/\/soleilsky.com.tr\/shop\/?post_type=product&#038;p=5535"},"modified":"2022-04-05T20:14:44","modified_gmt":"2022-04-05T20:14:44","slug":"lexar-64-gb-1066x-4k-compact-flash-cf-hafiza-karti-160-mb-s","status":"publish","type":"product","link":"https:\/\/soleilsky.com.tr\/shop\/urun\/lexar-64-gb-1066x-4k-compact-flash-cf-hafiza-karti-160-mb-s\/","title":{"rendered":"Lexar 64 GB 1066X 4K Compact Flash Cf Haf\u0131za Kart\u0131 (160 Mb\/s)"},"content":{"rendered":"<table>\n<tbody>\n<tr>\n<td class=\"no-border\">Lexar 64 GB 1066X 4K Compact Flash Cf Haf\u0131za Kart\u0131 (160 Mb\/s)<\/p>\n<pre>Lexar 64 GB 1066x 4K Compact Flash Haf\u0131za Kart\u0131\u00d6ZELL\u0130KLER2 Y\u0131l Garantili. 160mb\/s. H\u0131zlar\u0131 ve kapasiteleri ile y\u00fcksek kaliteli foto\u011fraflar ve HD video \u00e7ekinLexar \u00ae 1066x Compact Flash 1066x (160Mb \/ s) bir okuma aktar\u0131m h\u0131z\u0131. G\u00fcvenebilece\u011finiz Y\u00fcksek h\u0131z performans\u0131 . Lexar \u00ae Professional 1066x Compact Flash kartlar g\u00fcvenebilece\u011finiz performans sa\u011flar.Bu y\u00fcksek h\u0131z, UDMA 7 teknolojisi 1066x (160Mb\/s) bir okuma aktar\u0131m h\u0131z\u0131 sa\u011flamaktad\u0131r. *Image Rescue ile dosyalar\u0131 kurtar\u0131n \u00ae yaz\u0131l\u0131m\u0131 PAKET \u0130\u00c7ER\u0130\u011e\u01301 Adet Lexar 64 GB 1066x Compact Flash Haf\u0131za Kart\u01311 Adet Ad\u0131n\u0131za D\u00fczenlenmi\u015f Fatura<\/pre>\n<\/td>\n<\/tr>\n<\/tbody>\n<\/table>\n<h3 id=\"ctl00_ContentPlaceHolder1_ProductControl1_MainControl1_TabControl1_ProductDescription1_CustomContentBottom\"><\/h3>\n<table>\n<tbody>\n<tr>\n<td class=\"no-border\">\n<table>\n<tbody>\n<tr>\n<td>\n<div id=\"ccs-inline-content\" class=\"cnet-integration\"><\/div>\n<\/td>\n<\/tr>\n<\/tbody>\n<\/table>\n<table>\n<tbody>\n<tr>\n<td>\n<table class=\"data-list tech-spec\">\n<caption>\u00a0<\/caption>\n<tbody>\n<tr>\n<th>Haf\u0131za Kart\u0131 Tipi<\/th>\n<td>Compact Flash<\/td>\n<\/tr>\n<tr>\n<th>H\u0131z S\u0131n\u0131rland\u0131rma De\u011feri<\/th>\n<td>Belirtilmemi\u015f<\/td>\n<\/tr>\n<tr>\n<th>Kapasite<\/th>\n<td>64 GB<\/td>\n<\/tr>\n<tr>\n<th>Kart Cinsi<\/th>\n<td>Belirtilmemi\u015f<\/td>\n<\/tr>\n<tr>\n<th>SD Kart Adapt\u00f6r\u00fc<\/th>\n<td>Yok<\/td>\n<\/tr>\n<tr>\n<th>S\u0131n\u0131f\u0131<\/th>\n<td>1<\/td>\n<\/tr>\n<tr>\n<th>UHS S\u0131n\u0131fland\u0131rmas\u0131<\/th>\n<td>UHS-I<\/td>\n<\/tr>\n<\/tbody>\n<\/table>\n<table class=\"data-list tech-spec\">\n<caption>Di\u011fer<\/caption>\n<tbody>\n<tr>\n<th>Garanti S\u00fcresi (Ay)<\/th>\n<td>24<\/td>\n<\/tr>\n<tr>\n<th>Yurt D\u0131\u015f\u0131 Sat\u0131\u015f<\/th>\n<td>Yok<\/td>\n<\/tr>\n<tr>\n<th>Stok Kodu<\/th>\n<td>HBV00000RZ9MK<\/td>\n<\/tr>\n<\/tbody>\n<\/table>\n<\/td>\n<\/tr>\n<\/tbody>\n<\/table>\n<\/td>\n<\/tr>\n<\/tbody>\n<\/table>\n","protected":false},"excerpt":{"rendered":"<header class=\"title-wrapper\">\n<header class=\"title-wrapper\">\n<h4>64GB Lexar\u00ae Professional 1066x CompactFlash\u00ae card, up to 160MB\/s read 155MB\/s write<\/h4>\n<\/header>\n<\/header>\n","protected":false},"featured_media":9694,"comment_status":"open","ping_status":"closed","template":"","meta":[],"product_cat":[232],"product_tag":[271,273,272,274],"_links":{"self":[{"href":"https:\/\/soleilsky.com.tr\/shop\/wp-json\/wp\/v2\/product\/5535"}],"collection":[{"href":"https:\/\/soleilsky.com.tr\/shop\/wp-json\/wp\/v2\/product"}],"about":[{"href":"https:\/\/soleilsky.com.tr\/shop\/wp-json\/wp\/v2\/types\/product"}],"replies":[{"embeddable":true,"href":"https:\/\/soleilsky.com.tr\/shop\/wp-json\/wp\/v2\/comments?post=5535"}],"wp:featuredmedia":[{"embeddable":true,"href":"https:\/\/soleilsky.com.tr\/shop\/wp-json\/wp\/v2\/media\/9694"}],"wp:attachment":[{"href":"https:\/\/soleilsky.com.tr\/shop\/wp-json\/wp\/v2\/media?parent=5535"}],"wp:term":[{"taxonomy":"product_cat","embeddable":true,"href":"https:\/\/soleilsky.com.tr\/shop\/wp-json\/wp\/v2\/product_cat?post=5535"},{"taxonomy":"product_tag","embeddable":true,"href":"https:\/\/soleilsky.com.tr\/shop\/wp-json\/wp\/v2\/product_tag?post=5535"}],"curies":[{"name":"wp","href":"https:\/\/api.w.org\/{rel}","templated":true}]}}