{"id":5602,"date":"2020-11-05T13:35:03","date_gmt":"2020-11-05T13:35:03","guid":{"rendered":"https:\/\/soleilsky.com.tr\/shop\/?post_type=product&#038;p=5602"},"modified":"2020-12-09T07:33:03","modified_gmt":"2020-12-09T07:33:03","slug":"polaroid-onestep-white-bluetooth-film-kamera","status":"publish","type":"product","link":"https:\/\/soleilsky.com.tr\/shop\/urun\/polaroid-onestep-white-bluetooth-film-kamera\/","title":{"rendered":"Polaroid OneStep+ White Bluetooth Film Kamera"},"content":{"rendered":"<h4><span>Polaroid Orijinal OneStep 2 + Kamera &#8211; Beyaz<\/span><\/h4>\n<h4><span>Etkileyici tasar\u0131m, OneStep + anl\u0131k kamera ile oynamak i\u00e7in daha fazla yol sunar.\u00a01977&#8217;deki orijinal OneStep kameradan esinlenen OneStep +, alt\u0131 yarat\u0131c\u0131 araca eri\u015fmek i\u00e7in Bluetooth arac\u0131l\u0131\u011f\u0131yla Polaroid Originals uygulamas\u0131na ba\u011flanabilir.\u00a0\u00c7ift pozlama ve \u0131\u015f\u0131kla boyama \u00f6zelliklerinin yan\u0131 s\u0131ra uzaktan tetikleme ve manuel mod ile bir sonraki seviye kontrol\u00fc ke\u015ffedin.<\/span><\/p>\n<p><span>\u2022 12 &#8220;(30 cm) uzakl\u0131ktan net, ayr\u0131nt\u0131l\u0131 foto\u011fraflar olu\u015fturun<\/span><br \/>\n<span>\u2022 Diyafram a\u00e7\u0131kl\u0131\u011f\u0131, deklan\u015f\u00f6r h\u0131z\u0131, fla\u015f yo\u011funlu\u011fu ve foto\u011fraf \u00e7\u0131kartma \u00fczerinde tam kontrole sahip olun<\/span><br \/>\n<span>\u2022 \u0130kincil bir portre lensi, konular\u0131n\u0131za daha da yakla\u015fman\u0131za ve daha keskin foto\u011fraflar \u00e7ekmenize olanak tan\u0131r<\/span><br \/>\n<span>\u2022 Polaroid Originals uygulamas\u0131na Bluetooth kablosuz teknolojisi arac\u0131l\u0131\u011f\u0131yla ba\u011flanarak alt\u0131 yarat\u0131c\u0131 arac\u0131n kilidini a\u00e7ar<\/span><br \/>\n<span>\u2022 \u00c7ift pozlama, ilgi \u00e7ekici ve ger\u00e7ek\u00fcst\u00fc kompozisyonlar olu\u015fturman\u0131za olanak tan\u0131r<\/span><br \/>\n<span>\u2022 Bir \u0131\u015f\u0131k kayna\u011f\u0131n\u0131 boya f\u0131r\u00e7an\u0131za d\u00f6n\u00fc\u015ft\u00fcr\u00fcn, havadaki resimleri \u00e7izin ve bunlar\u0131 en sevdi\u011finiz \u00e7er\u00e7evede yakalay\u0131n<\/span><br \/>\n<span>\u2022 12 saniyeye kadar geri say\u0131mla m\u00fckemmel zamanlanm\u0131\u015f foto\u011fraflar olu\u015fturun<\/span><br \/>\n<span>\u2022 Telefonunuzu uzaktan deklan\u015f\u00f6r tetikleyicisi olarak kullan\u0131n, b\u00f6ylece i\u00e7inde olabilirsiniz grup foto\u011fraf\u0131 da<\/span><br \/>\n<span>\u2022 G\u00fc\u00e7l\u00fc fla\u015f ve uzun \u00f6m\u00fcrl\u00fc \u015farj edilebilir pil, istedi\u011finiz zaman, istedi\u011finiz yerde \u00e7ekim yapman\u0131z\u0131 sa\u011flar<\/span><br \/>\n<span>\u2022 600 film ve i-Type film ile \u00e7al\u0131\u015f\u0131r<\/span><\/h4>\n","protected":false},"excerpt":{"rendered":"<h1 id=\"sp-title\" class=\"title r-onepp-title\">Polaroid OneStep+ Black Bluetooth Film Kamera<\/h1>\n","protected":false},"featured_media":5604,"comment_status":"open","ping_status":"closed","template":"redux-templates_canvas","meta":[],"product_cat":[286],"product_tag":[291,287,289,288,290],"_links":{"self":[{"href":"https:\/\/soleilsky.com.tr\/shop\/wp-json\/wp\/v2\/product\/5602"}],"collection":[{"href":"https:\/\/soleilsky.com.tr\/shop\/wp-json\/wp\/v2\/product"}],"about":[{"href":"https:\/\/soleilsky.com.tr\/shop\/wp-json\/wp\/v2\/types\/product"}],"replies":[{"embeddable":true,"href":"https:\/\/soleilsky.com.tr\/shop\/wp-json\/wp\/v2\/comments?post=5602"}],"wp:featuredmedia":[{"embeddable":true,"href":"https:\/\/soleilsky.com.tr\/shop\/wp-json\/wp\/v2\/media\/5604"}],"wp:attachment":[{"href":"https:\/\/soleilsky.com.tr\/shop\/wp-json\/wp\/v2\/media?parent=5602"}],"wp:term":[{"taxonomy":"product_cat","embeddable":true,"href":"https:\/\/soleilsky.com.tr\/shop\/wp-json\/wp\/v2\/product_cat?post=5602"},{"taxonomy":"product_tag","embeddable":true,"href":"https:\/\/soleilsky.com.tr\/shop\/wp-json\/wp\/v2\/product_tag?post=5602"}],"curies":[{"name":"wp","href":"https:\/\/api.w.org\/{rel}","templated":true}]}}