{"id":5622,"date":"2020-11-05T15:57:15","date_gmt":"2020-11-05T15:57:15","guid":{"rendered":"https:\/\/soleilsky.com.tr\/shop\/?post_type=product&#038;p=5622"},"modified":"2020-12-09T07:32:29","modified_gmt":"2020-12-09T07:32:29","slug":"polaroid-everything-box-onestep-2-white-kit-bir-kutu-renkli-i-type-film-fotograf-kutusu","status":"publish","type":"product","link":"https:\/\/soleilsky.com.tr\/shop\/urun\/polaroid-everything-box-onestep-2-white-kit-bir-kutu-renkli-i-type-film-fotograf-kutusu\/","title":{"rendered":"Polaroid Everything Box OneStep 2 White Kit + Bir Kutu Renkli \u0130-Type Film + Foto\u011fraf Kutusu"},"content":{"rendered":"<p><strong>Polaroid Everything Box OneStep 2 Summer White Kit + Bir Kutu Renkli \u0130-Type Film + Foto\u011fraf Kutusu<\/strong><\/p>\n<p><iframe loading=\"lazy\" src=\"https:\/\/www.youtube.com\/embed\/6tZurrsOBOM\" width=\"80%\" height=\"auto\" frameborder=\"0\" allowfullscreen=\"allowfullscreen\" data-mce-fragment=\"1\"><\/iframe><\/p>\n<p><strong><img decoding=\"async\" class=\"tripodfoto-img\" src=\"https:\/\/www.tripodfoto.com\/ProductImages\/102403\/original\/polaroid-everything-box-onestep2-white-kit-tripodfoto-1.jpg\" alt=\"\" \/><\/strong><\/p>\n<p><strong>OneStep 2 Viewfinder i-Type Camera<\/strong><br \/>\nOneStep 2, klasik tasar\u0131m\u0131 \u00e7a\u011fda\u015f stille birle\u015ftiren yeni bir Polaroid kamerad\u0131r. Polaroid\u2019in orijinal OneStep\u2019inden esinlenildi, ancak kutudan \u00e7\u0131kar \u00e7\u0131kmaz \u00e7al\u0131\u015fan basit, kullan\u0131m\u0131 kolay bir an\u0131nda foto\u011fraf makinesi olu\u015fturmak \u00fczere g\u00fcncellendi &#8211; sadece bir i-tipi an\u0131nda film \u00e7ekin. Size her seferinde harika foto\u011fraflar sunmak i\u00e7in y\u00fcksek kaliteli bir objektife ve g\u00fc\u00e7l\u00fc bir fla\u015fa sahip ve bu yeni geli\u015ftirilmi\u015f viz\u00f6r modeli foto\u011fraflar\u0131n\u0131z\u0131 \u00e7er\u00e7evelemeyi eskisinden daha sezgisel hale getiriyor. Uzun \u00f6m\u00fcrl\u00fc \u015farj edilebilir bataryas\u0131yla birlikte, k\u0131sa bir gezi ya da d\u00fcnyay\u0131 dola\u015fmaya ve her zaman \u00e7ekime haz\u0131r olacaks\u0131n\u0131z.<\/p>\n<p>&nbsp;<\/p>\n<p><img decoding=\"async\" class=\"tripodfoto_img\" src=\"https:\/\/lh3.googleusercontent.com\/VHrcJFn0pgEuao25QBDjemq5Xzu9Ja_CYSi3-nC6I8F3CpvvjACMGuB6Wm9sme_6h9YuinbznL3pVxnOuFJHUZp2aknsU4ltGQC4anSK9IKYl9o7ussk-h2ddJxEWwd4UcWG8cfclYXZ4O6bUOlByLLbhJDQ0csPqXCgjMoTb4_wuwDb_di7DqVp9r-5NuUzZz6R_Tw5yGUm9bzIU3Ic9n6sHsbCp3jzbPzKAd56xb4pUx_47CijALnWaxmzvqVL2x2-qkiJMEAex429CIRFQQv-Gb5EVLsJI8uxNHntHV4IOxYBFA4DJh6T_w_jbUwT3gJDFDCdR6TqbbVViwHZm-GYXa2f2M1hJNO4yDGrTMLLS7s8XxvX8iWmqyw2ny049D6EPDEXJ2a2gkhCjKTnQK9_8UAjfAl0VJLb5cGMGAG1lht4cws6jRSFqHES5y_5LtfzYjaDR4505LUJRQfp24YHRowwi45VUzEQI__xAWP7OJwCZbhh3t1EOonfUZm5DszJBGOYU_dXlzY8XrOHRlkWrBXCHDRT2IjEs2j9U5JNr6P9Q5DWr7dNfFmagZAEwcxKRGrkH-_hZz7w3bKX_m77yNf00QwZPbQHMZxiagzunixV_2bH3GNpPIAE0Ke3L1VngzP2-xy1xwVclT2aGiMaidZDuEGHsLQp0fjv_lMbPeFtrpzgFndCW4whqq1RvHDS9PfWu8Ju5hprp_u2qOOh=w1269-h162-no\" alt=\"\" \/><\/p>\n<p>&nbsp;<\/p>\n<table cellspacing=\"1\" cellpadding=\"1\">\n<tbody>\n<tr>\n<td><strong>Sonraki ad\u0131m.<br \/>\nSeri hakk\u0131nda<\/strong><br \/>\n1977\u2019deki orijinal OneStep kameradan ilham alan Polaroid OneStep 2 ve OneStep +, modern \u00e7a\u011f\u0131n analog anl\u0131k kameralar\u0131d\u0131r. Sizinkinin telefonunuza ba\u011fl\u0131 olup olmad\u0131\u011f\u0131n\u0131 ya da fi\u015fini \u00e7ekmenize yard\u0131mc\u0131 olun, tutabilece\u011finiz bir an\u0131 oynaman\u0131n ve payla\u015fman\u0131n yeni yollar\u0131n\u0131 ke\u015ffedeceksiniz.<\/td>\n<td><img decoding=\"async\" class=\"tripodfoto_img\" src=\"https:\/\/lh3.googleusercontent.com\/-c1sTx5Q74GbiO05_edkw8K8pnS81lET6QiwNuPBAHwfHbPduGDkn-_iRDkFFsW4GpmCuDRCfH3eU5ajJfQ5Flo2vtUXHSqHrnXduUPewE3JWazPOBWUt5yy_3zl4L_yoiQkeF-WSbkTczMU_YknRm2uf5MVr4bq4ts6SO0g2Ik11iVACWWlgrCmbmOI6EYX5-9nQJWRqQ6vaMCoW5OAxSGoO2daJALZ7YYnqcgvywXEj4zzGJ54XeHitUU9z88M6TjRP7C3DMBmWuxdFeCkSVsjH1TI5sTZXOip8rLuQSMfPvUNzhBMZ-X8Np6TkL2q8YHGgcjbhJ_w15EhYFG4_j9JlqqHu490g8obVi22CU7GJZI9eTYDopUXhTpB7zbADlF_C7tFHBotsPvb8OVkIe4RwXzUEc9vKa6ABDnwxfKc9-cFLZYE8pnvjXE9mNKGCYS-T5a3vJYbOACKsjLb47j1IMWNOWeGtS5Z-yKCdKHhCSX_z5Pt7ohLFNGcz8qRZML31JSaUByqWIAdf-ywXjmFll9CJKouzmpGD_8qZPPXTDfodGTYDgM0-E-Y2xfYJNhQt_Ev6vIhKb98q5ATkkJQYLbTqVqowqqK3sd6nB0Y1MAfgIX109zOJj_Q6yRX41eJJl0cWvfvWQdXpUdd6CYOslVSfL9jZbv9sAeVwpwwvQNWpe6sgS7RWY-Y0piNhVHwJ89KyGlhn7vKf0RJdgwT=w483-h162-no\" alt=\"\" \/><\/td>\n<\/tr>\n<tr>\n<td><strong>Bir ad\u0131m foto\u011fraf\u00e7\u0131l\u0131k.<\/strong><br \/>\nYaln\u0131zca birka\u00e7 d\u00fc\u011fme ve basit, sezgisel bir tasar\u0131mla, bir \u00e7ocu\u011fun kullanmas\u0131 (ya\u015f\u0131n\u0131z ka\u00e7 olursa olsun) i\u00e7in yeterince kolayd\u0131r.<\/td>\n<td><img decoding=\"async\" class=\"tripodfoto_img\" src=\"https:\/\/lh3.googleusercontent.com\/PXltB81slMBMKfBtCe6ZbERcN2rH0Z_VNVdwcI7oST2LDGrbQILcKIFCzKoQOnIyKchz7PJ8Ext6UVVqtqAxz9o6HrKPv1BSUTdZzusaDxKjxq-yzBFd2uywRRllnOKdEAm8nUpNw5M4ZVut6TiB97Pd96x5wZyWREsofWqJOqNTTC4LSTvJJ31DYVNiqSs9gk1P-gjn8az_j0rpQj9yXoum_p55vwIARRpDzJlF3J9XNjRxHAWfe9IhgBwpBOgyLauUrUTwTI-BJGOsO-DkbHLxlECWXRdDaIConr46NOhL5NbSEEO0yN7fp8I4jdVdh_hlLfc5D0-U7d5Zd3531UqK4l_GCEYmbNBHgJtbjgjy3y7OULI69vrNtXG8LeVsn6yPJyL9Q_I2nLBRR2S935X6U-KChLIT2UKl7WinImg1m1c33kUn8bTOPVi-UkyxM_U1rJe77n8vztU8Kyh1oggJfuzzeV_A9bgo5RXB9FYIqu08GmYWJYHybNVk8vvh_TQDi9pIHTs_zM9KFGylKa4jT74FOILHH7ThzAzINcqmNCeRkq666mXLHGYurF8iN1OGvGMgC36dRwjt9IrUiIOa7zxcx7xJ0Mid5KAw8V0NvPDmiUBi4ocIgXMITyEyKbt5dY-kWuGeGDnHG6AfXS76ihTEBrSBDN3qb5s8i_-NZiEtSX0ZP68HdqeHSI0RJ7vq0F8OlofE-vGK3YAVkg0l=w1190-h595-no\" alt=\"\" \/><\/td>\n<\/tr>\n<tr>\n<td><strong>M\u00fckemmel kusursuzluk<\/strong><br \/>\nDeklan\u015f\u00f6re her bast\u0131\u011f\u0131n\u0131zda binlerce kimyasal reaksiyonu ger\u00e7ek, sade, tamamen benzersiz bir g\u00f6r\u00fcnt\u00fc olu\u015fturmak i\u00e7in ger\u00e7ekle\u015ftiriyor. Polaroid&#8217;in g\u00fczelli\u011fi bu.<\/td>\n<td><img decoding=\"async\" class=\"tripodfoto_img\" src=\"https:\/\/lh3.googleusercontent.com\/U57mJQJn9KOTq2CFJj9HPVZOumCziGvhC-DRVuzMGgV-c23vhpim6tlcm6xe2D87ZbPMBQ0oM1uI6v0SiXQwgrhxubshg9Hn0BLeM0969Li9KnzAcBYoLTn5SUzil4DMQ-uX0GxuqqLh5UatXn72Vj_2Nz-2P6RJK2C_BtoOjmBbbz-872szh5bOF8-pNJov6rYkZWO-ioTFRAGKyMvWhCyP58WX_kKmcnknfJVES8bANBDz9bFipvhFFeQsxttuDDs7O0X9jOh8DJnr2cY5q0ZYg2MdM4L034GlV-w8f1eY-fW3fMtdwYPBl0cD4vaQMymVb4mn-T3tCmxszWbZQH0LaOnp_VEg7s-MsEfOUvjxl8kJ2W8nQBx9fEFrJeHL5fY3EFGnVE3o6tWoOA13BR9sNJDcH818Q5wjJrdw7LmPMpPbC4puwUvFCTxuvvzNThU4iJr6TIgIfUOMEnEoPcsRot-PGo5IXRzVprr61afQojhG3D3C_IG92V-HVYYXcA9M-nmZPqlvwJKIwjVyEIQCGq3n9tqOl11DLQhxIbjIFXOZAi3T4d_PacNBQDJm8TADbv-dDq4vrjBhCY24PqWdpZpbBs7wKhTDjf6Xo3rDrgXKYRDQqw81RBGSNfDzsG-cmhESjOJKBCRCPHIu3_FrRSM6B930AC4eWHms3hjbK7z4REpWtYuts9wRlJnotjMYRzo9GzF7i0rJGxne6VQF=w1190-h595-no\" alt=\"\" \/><\/td>\n<\/tr>\n<tr>\n<td><strong>Her zaman \u00e7ekim yap.<\/strong><br \/>\nDahili fla\u015f fla\u015f ve y\u00fcksek kaliteli 2 ft &#8211; sonsuz lens, her zaman m\u00fckemmel bir resim elde etmenizi sa\u011flar. Tek yapman\u0131z gereken d\u00fc\u011fmeye basmak.<\/td>\n<td><img decoding=\"async\" class=\"tripodfoto_img\" src=\"https:\/\/lh3.googleusercontent.com\/ZQXetjDqn8mE4aLU7O8NtwXHPW4yWgQDpIBMQw0-dUmY4-Gx5219YrSqJ-EGUuBQFA7VK7zjmYf0MsnYJr-kPG0EYWGm0mHzIKzcD4d1ddULebjIpNNW-S6P3P6tqLseYv0QyyAC8zbdRye1hooDGKDNSmPgN18NeLCFM55SGrqgXjL1z2GdZ79-t_SSwcwwdhHEjy1FAHAfwucICagSO4EPpoAM-ZJGulorPPP8hBsxniozNUep2wukwaT5p3ujXZ5sZ2_D0jF_Ls7FzelpUOP01rFhqt7Z4cUG3ULZ21ENpaAtkPlwIXtQdu4mfG5YiIloL8sKiKvQHV9njv32s3f6o3aaBWFX72KjsAWcVylgt0Zk9_pdsbC2paQZlqIoePrZn0gshk7Yw_yFn_y28BAZpaeWcXoMoOgIpJAsTRPV5B4W4n4ilAQljWU1ViIEVCo6I5WeEsE6GKgpfUd-18u0oZuKBUkJeThAUr6Y6SRqn-7Xpjuob313pH75Tn1kAzI_7GXtChSr0bTMDsgYDigaqM7rEJgklJsE7gCsvxmRzyYN13inJ1YTDTG2gNJYKsQJcMPmd3DPWnOzwK_PEppqCe4Sri-Ysj8j_yo3bkhTqLpcXKTWlmvlxj0FEGyA4adRVY9TLMuN4PTEg2f1Lh0w2r6x_vqdZOvAhj6EvpzmTUCs6eXw44E0WZx0Jl_QWFdn6U7WVXMG_kz7dgZWxdhL=w1190-h595-no\" alt=\"\" \/><\/td>\n<\/tr>\n<tr>\n<td><strong>Se\u00e7im senin.<\/strong><br \/>\nOneStep 2, t\u00fcm i-Type Film ve 600 Film stilleriyle \u00e7al\u0131\u015f\u0131r, size daha fazla se\u00e7enek ve daha fazla ifade \u00f6zg\u00fcrl\u00fc\u011f\u00fc sunar.<\/td>\n<td><img decoding=\"async\" class=\"tripodfoto_img\" src=\"https:\/\/lh3.googleusercontent.com\/J2N3OSZ3i3xcDCmWWLrsh9A6MNxabC4kimT_t9fcEa8XaH6IfmroynjRA9TWD2x_o4jD3jA8aDgOmMFgR7XgXW0IYYQ_t1noF3M_ztHOCtmGWTVMsiuFNnE8q4995UC3ziOMYaLDgeRoDAThQh-YXDo3rzXXX672oG5YARptg2X4_6nGOih6fVntW1VkYrWbyziupBX7eeTtlQhaD-WLmUFQh5MyApFvIHJrsh_7Ls_MWCGSLGjManZeA_tAg33ltkiuCmbMfxS7834eec0QZpiB1CS3bmNGCZ_r5CZlw0j1agag9QZa0QwRDar_BPeXuZRQ2oosw3nrSDrOM1H4js0CpsmY719Or01Q72EsbVGm90cTjgUNSlx4nUBnuS3vIhSPKhqZR78S4_ABpFZTsmAUI-viYQiTOtd9xNR0L2GZL2jfvCFSK60Gi1kL0fzODsbr2v0Ziixv_B88f4nHXt3xhR5Mmzr7fmnAqJT5ANAvb3fyQlzWSDlai0AvATLUCY8xrm5q1-Bg5jc9fEFc6W40eda0JpuG-EnmYMaYXbEi-8WgoI5xMfdYouHnshjrc7z4NPK-DgsLbflWlWgAB_HFiIJwzuF_RDBaHP5xbOj5tAFSE7n4ds5MBiWLhSKHgMksxR4VLPzf3XbTRDFJx20Gk1sUtKLH7fw81DMhUa8qIj2Xrj3ZPUHPbuErVQomUt-b1GlMZ9YmmW5PAsn6MWH-=w1190-h595-no\" alt=\"\" \/><\/td>\n<\/tr>\n<\/tbody>\n<\/table>\n<p>&nbsp;<\/p>\n<p><strong>Uyumluluk Tablosu<\/strong><\/p>\n<p><img decoding=\"async\" class=\"tripodfoto_img\" src=\"https:\/\/lh3.googleusercontent.com\/O6IsTnnqdapxaRhd5rx1rMFjUUwQ-oHPL9wBNzzsA25t81jVnFg8nMkhVmnvvvOVBC0fvo3mYoRbIP73D4afcacVNMn6znhI6nyQawjeyMJKXSSN1HA_iVTLbQKA0bK1piEkXNHq4ucW6jM3Jlvi0U6FVfEwQJ9ZVbDxWUAUXDSofz4Z7m2nZ5MOsGRaWHvf3M9cBon-yeQroK5c5lKru7PgL_UJUeXM3cMd-BPjWMOguOJxLoFbKDZ2qKfN9llyZJz1ODKONzfGCQeZdpQSPNkzKaNhKMci1Prh9PuyTcjDYm1Nhvk-KQX_OAFpE2joVqJH4zmtaHYk3bE4zggLMZn63weeTzS9y7fxBid-PnIZ_vDbTccxWY6HXnKbMn9Bn0lvD_e4EXZRhuQEbYfkxApJSSUwsIZFsn0Pmfun0mBdXbpMxTzn-shTwYWAaRuko3k3praM3ltCoWaRlwlNuVe_dD2461TRTLlpOuUzwKuXf3rYhHr8beuXLLeCm6rEeHzbz6OQHSPDE7RaIfdcHWp3VlsU1-PuyFrdbxuOUAIUFgLOcmAwZYV3584mLJi8TPJxDmTwDKKwlyCj_tf4nXpCBiy9bBCJQh4tPsDIO1_9mRdZd92b8-N0GNF3zNAUO3rmDqaJ-qbXzW9dsyDtT8PqST3i0wZzh33-8xEZreEUmauLWPwQXiRKPLj8Dg0ZGuHt2R-Bu0WKPyazZIqJslCE=w802-h506-no\" alt=\"\" \/><\/p>\n<p>&nbsp;<\/p>\n<p><strong>\u00d6zellikler<\/strong><br \/>\n7.9&#215;7.9cm g\u00f6r\u00fcnt\u00fc alan\u0131na sahip, 8.8&#215;10.7cm bask\u0131lar \u00fcretmek i\u00e7in i-Type ve 600 film kullan\u0131m\u0131na uygun.<br \/>\nG\u00fcncellenmi\u015f ve geni\u015fletilmi\u015f optik viz\u00f6r, resimlerinizi \u00e7er\u00e7evelemek i\u00e7in daha net ve daha do\u011fru bir ara\u00e7 sa\u011flar.<br \/>\nD\u00fc\u015f\u00fck \u0131\u015f\u0131k ko\u015fullar\u0131nda \u00e7al\u0131\u015fmak i\u00e7in dahili fla\u015f mevcuttur.<br \/>\nOtomatik zamanlay\u0131c\u0131 i\u015flevi, selfie ve grup portreleri i\u00e7in idealdir.<br \/>\nDahili 1100mAh lityum-iyon pil, \u015farj ba\u015f\u0131na 60 g\u00fcne kadar s\u00fcrebilir ve \u00fcr\u00fcnle birlikte verilen USB kablosuyla \u015farj edilir.<\/p>\n<p>&nbsp;<\/p>\n<p><strong>Teknik Detaylar<\/strong><\/p>\n<table cellspacing=\"1\" cellpadding=\"1\">\n<tbody>\n<tr>\n<td>Film Format\u0131<\/td>\n<td>i-Type ve 600 an\u0131nda film<br \/>\n3.5 x 4.2 &#8220;\/ 8.8 x 10.7 cm Film Boyutu<br \/>\n3,1 x 3,1&#8221; \/ 7,9 x 7,9 cm G\u00f6r\u00fcnt\u00fc Alan\u0131<\/td>\n<\/tr>\n<\/tbody>\n<\/table>\n<hr \/>\n<table cellspacing=\"1\" cellpadding=\"1\">\n<tbody>\n<tr>\n<td>Lens<\/td>\n<td>106mm<br \/>\nPolikarbonat ve akrilik lensler, kaplamal\u0131<\/td>\n<\/tr>\n<\/tbody>\n<\/table>\n<hr \/>\n<table cellspacing=\"1\" cellpadding=\"1\">\n<tbody>\n<tr>\n<td>G\u00f6r\u00fc\u015f alan\u0131<\/td>\n<td>41 \u00b0 V x 40 \u00b0 H<\/td>\n<\/tr>\n<\/tbody>\n<\/table>\n<hr \/>\n<table cellspacing=\"1\" cellpadding=\"1\">\n<tbody>\n<tr>\n<td>Odak<\/td>\n<td>Sabit odak \/ 106 mm<\/td>\n<\/tr>\n<\/tbody>\n<\/table>\n<hr \/>\n<table cellspacing=\"1\" cellpadding=\"1\">\n<tbody>\n<tr>\n<td>Minimum Odak Mesafesi<\/td>\n<td>2 &#8216;\/ 60 cm<\/td>\n<\/tr>\n<\/tbody>\n<\/table>\n<hr \/>\n<table cellspacing=\"1\" cellpadding=\"1\">\n<tbody>\n<tr>\n<td>Deklan\u015f\u00f6r Sistemi<\/td>\n<td>\u00d6zel tasar\u0131m, deklan\u015f\u00f6r i\u00e7in hassas ad\u0131m motoru kullanarak<\/td>\n<\/tr>\n<\/tbody>\n<\/table>\n<hr \/>\n<table cellspacing=\"1\" cellpadding=\"1\">\n<tbody>\n<tr>\n<td>Fla\u015f Sistemi<\/td>\n<td>Vakum de\u015farj t\u00fcp\u00fc strobe<\/td>\n<\/tr>\n<\/tbody>\n<\/table>\n<hr \/>\n<table cellspacing=\"1\" cellpadding=\"1\">\n<tbody>\n<tr>\n<td>G\u00fc\u00e7 Kayna\u011f\u0131<\/td>\n<td>Dahili \u015farj edilebilir lityum-iyon pil tak\u0131m\u0131<br \/>\n1100 mAh, 3,7 V<\/td>\n<\/tr>\n<\/tbody>\n<\/table>\n<hr \/>\n<table cellspacing=\"1\" cellpadding=\"1\">\n<tbody>\n<tr>\n<td>\u00c7al\u0131\u015fma S\u0131cakl\u0131\u011f\u0131<\/td>\n<td>41-100 \u00b0 F \/ 4-42 \u00b0 C<br \/>\n% 5-90 ba\u011f\u0131l nem<\/td>\n<\/tr>\n<\/tbody>\n<\/table>\n<hr \/>\n<table cellspacing=\"1\" cellpadding=\"1\">\n<tbody>\n<tr>\n<td>Boyutlar<\/td>\n<td>150 x 110 x 95 mm<\/td>\n<\/tr>\n<\/tbody>\n<\/table>\n<hr \/>\n<table cellspacing=\"1\" cellpadding=\"1\">\n<tbody>\n<tr>\n<td>A\u011f\u0131rl\u0131k<\/td>\n<td>16.75 oz \/ 475 g (film paketi olmadan)<\/td>\n<\/tr>\n<\/tbody>\n<\/table>\n<hr \/>\n<p><strong>Paket \u0130\u00e7eri\u011fi<\/strong><br \/>\nPolaroid Originals OneStep2 VF An\u0131nda Foto\u011fraf Film Kamera (White)<br \/>\nBoyun ask\u0131s\u0131<br \/>\nUSB \u015earj Kablosu<br \/>\nBir Kutu Renkli \u0130-Type Film<br \/>\nFoto\u011fraf Kutusu<\/p>\n<p>&nbsp;<\/p>\n","protected":false},"excerpt":{"rendered":"<p><strong>Polaroid Everything Box OneStep 2 Summer White Kit + Bir Kutu Renkli \u0130-Type Film + Foto\u011fraf Kutusu<\/strong><\/p>\n","protected":false},"featured_media":5627,"comment_status":"open","ping_status":"closed","template":"redux-templates_canvas","meta":[],"product_cat":[286],"product_tag":[291,287,289,288,290],"_links":{"self":[{"href":"https:\/\/soleilsky.com.tr\/shop\/wp-json\/wp\/v2\/product\/5622"}],"collection":[{"href":"https:\/\/soleilsky.com.tr\/shop\/wp-json\/wp\/v2\/product"}],"about":[{"href":"https:\/\/soleilsky.com.tr\/shop\/wp-json\/wp\/v2\/types\/product"}],"replies":[{"embeddable":true,"href":"https:\/\/soleilsky.com.tr\/shop\/wp-json\/wp\/v2\/comments?post=5622"}],"wp:featuredmedia":[{"embeddable":true,"href":"https:\/\/soleilsky.com.tr\/shop\/wp-json\/wp\/v2\/media\/5627"}],"wp:attachment":[{"href":"https:\/\/soleilsky.com.tr\/shop\/wp-json\/wp\/v2\/media?parent=5622"}],"wp:term":[{"taxonomy":"product_cat","embeddable":true,"href":"https:\/\/soleilsky.com.tr\/shop\/wp-json\/wp\/v2\/product_cat?post=5622"},{"taxonomy":"product_tag","embeddable":true,"href":"https:\/\/soleilsky.com.tr\/shop\/wp-json\/wp\/v2\/product_tag?post=5622"}],"curies":[{"name":"wp","href":"https:\/\/api.w.org\/{rel}","templated":true}]}}