{"id":9568,"date":"2022-02-07T14:17:13","date_gmt":"2022-02-07T14:17:13","guid":{"rendered":"https:\/\/soleilsky.com.tr\/shop\/?post_type=product&#038;p=9568"},"modified":"2022-10-24T14:37:10","modified_gmt":"2022-10-24T14:37:10","slug":"dji-mavic-3","status":"publish","type":"product","link":"https:\/\/soleilsky.com.tr\/shop\/urun\/dji-mavic-3\/","title":{"rendered":"DJI Mavic 3"},"content":{"rendered":"<h3>DJI MAV\u0130C 3<br \/>\n<strong>Her \u015eeyin \u00dcst\u00fcnde G\u00f6r\u00fcnt\u00fcleme<\/strong><\/h3>\n<p>\u0130ki Kamera: Hasselblad &amp; Tele<br \/>\n\u0130konik \u0130sve\u00e7li kamera markas\u0131 Hasselblad, DJI Mavic 3 i\u00e7in L2D-20c hava kameras\u0131n\u0131 \u00f6zelle\u015ftirdi ve profesyonel kalitede 4\/3 CMOS&#8217;u \u015f\u0131k ve kompakt bir forma yerle\u015ftirdi. Hem donan\u0131m performans\u0131na hem de yaz\u0131l\u0131m algoritmalar\u0131na uygulanan titiz Hasselblad standartlar\u0131, g\u00f6r\u00fcnt\u00fcleme kalitesini tamamen yeni bir d\u00fczeye ta\u015f\u0131yor.<\/p>\n<p>4\/3 CMOS<br \/>\nDaha b\u00fcy\u00fck bir g\u00f6r\u00fcnt\u00fc sens\u00f6r\u00fc, Mavic 3&#8217;e yaln\u0131zca daha y\u00fcksek \u00e7\u00f6z\u00fcn\u00fcrl\u00fck ve dinamik aral\u0131k sa\u011flamakla kalmaz, ayn\u0131 zamanda d\u00fc\u015f\u00fck \u0131\u015f\u0131kl\u0131 ortamlarda parazitlenmeyi daha etkili bir \u015fekilde giderir<\/p>\n<p>12.8 Stop Dinamik Aral\u0131k<br \/>\n4\/3 CMOS sens\u00f6r, vurgularda ve g\u00f6lgelerde daha fazla ayr\u0131nt\u0131y\u0131 korumak i\u00e7in 12,8 durakl\u0131 dinamik aral\u0131\u011fa sahiptir ve g\u00f6r\u00fcnt\u00fcleri profesyonel bir d\u00fczeye y\u00fckseltir.<\/p>\n<p>Ayarlanabilir Diyafram<br \/>\n\u00c7ok \u00e7e\u015fitli ayd\u0131nlatma senaryolar\u0131nda hava foto\u011fraf\u00e7\u0131lar\u0131n\u0131n ihtiya\u00e7lar\u0131n\u0131 kar\u015f\u0131lamak i\u00e7in ayarlanabilir diyafram mevcuttur.<br \/>\nKe\u015ffet Modu: Tele Kamera<br \/>\nE\u015fsiz bir tele kamera, Ke\u015ffet modunu \u00e7ekimlerinizi izlemenin ve planlaman\u0131n m\u00fckemmel bir yolu haline getirir. 162mm&#8217;ye denk gelen 28x Hybrid Zoom ile sahneler veya nesneler uzaktayken, yak\u0131nla\u015ft\u0131rmak ve zaman kazanmak i\u00e7in tele kameray\u0131 kullan\u0131n. Kimseyi rahats\u0131z etmeden nesneleri uzaktan kaydetmek i\u00e7in bile kullanabilirsiniz.<\/p>\n<p>Profesyonel Video \u00d6zellikleri<br \/>\n5.1K Video Kayd\u0131 \/ DCI 4K\/120fps Apple ProRes 422 HQ \/ 10-bit D-Log Color Profili<\/p>\n<p>Mavic 3, hava videolar\u0131n\u0131 y\u00fcksek \u00e7\u00f6z\u00fcn\u00fcrl\u00fcklerde ve kare h\u0131zlar\u0131nda kaydetmek i\u00e7in profesyonel g\u00f6r\u00fcnt\u00fcleme performans\u0131n\u0131 kullan\u0131r. Kameras\u0131 ayr\u0131ca 10 bit D-Log renk profili sayesinde bir milyara kadar renk yakalayarak post prod\u00fcksiyonda do\u011fal renk ge\u00e7i\u015fleri ve geli\u015fmi\u015f esneklik sunar.<\/p>\n<p>Mavic 3 Cine, maksimum 3.772 Mbps veri h\u0131z\u0131yla Apple ProRes 422 HQ kodlamay\u0131 destekler. Ayr\u0131ca profesyonel film \u00e7ekme, d\u00fczenleme ve olu\u015fturma i\u015flemlerini daha da kolayla\u015ft\u0131rmak i\u00e7in yerle\u015fik 1 TB SSD ve 10 Gb\/sn lightspeed data kablosunu destekler.<\/p>\n<p>\u00c7ok Y\u00f6nl\u00fc Engel Alg\u0131lama<br \/>\nMavic 3&#8217;\u00fcn \u00e7ok y\u00f6nl\u00fc geni\u015f a\u00e7\u0131l\u0131 g\u00f6r\u00fcnt\u00fc sens\u00f6rleri, her y\u00f6nden engelleri hassas bir \u015fekilde alg\u0131lamak ve bunlardan ka\u00e7\u0131nmak i\u00e7in g\u00fcvenli u\u00e7u\u015f rotalar\u0131 planlamak i\u00e7in y\u00fcksek performansl\u0131 bir g\u00f6r\u00fcnt\u00fc bilgi i\u015flem motoruyla sorunsuz bir \u015fekilde \u00e7al\u0131\u015f\u0131r.<\/p>\n<p>Geli\u015ftirilmi\u015f RTH<br \/>\nMavic 3&#8217;\u00fcn kalk\u0131\u015f noktas\u0131na d\u00f6n\u00fc\u015f i\u00e7in en uygun rotay\u0131 otomatik olarak belirlemesini ve kendi ba\u015f\u0131na g\u00fcvenli bir d\u00f6n\u00fc\u015f u\u00e7u\u015funu tamamlamas\u0131n\u0131 sa\u011flayan Geli\u015ftirilmi\u015f RTH ile herhangi bir u\u00e7u\u015fu ba\u015far\u0131yla bitirin.<br \/>\nAPAS 5.0<br \/>\nMavic 3 ayr\u0131ca yol boyunca engellerle kesintiye u\u011framayan kay\u0131t \u00f6zelli\u011fiyle u\u00e7u\u015fu daha e\u011flenceli hale getiriyor. Mavic 3 u\u00e7arken s\u00fcrekli olarak t\u00fcm y\u00f6nlerdeki nesneleri alg\u0131lar ve bunlar\u0131 sorunsuz ve h\u0131zl\u0131 bir \u015fekilde atlar.<\/p>\n<p>DJI H\u00fccresel \u0130letim Mod\u00fcl\u00fc<br \/>\nH\u00fccresel \u0130letim Dongle tak\u0131l\u0131yken Mavic 3, O3+ sinyalleri binalar, a\u011fa\u00e7lar veya di\u011fer yap\u0131lar taraf\u0131ndan engellendi\u011finde sorunsuz, kararl\u0131 ba\u011flant\u0131 i\u00e7in 4G a\u011flar\u0131na ge\u00e7ebilir. U\u00e7u\u015f s\u0131ras\u0131nda, O3+ iletim sistemi, kesintisiz bir \u00e7ekim deneyimi sa\u011flamak i\u00e7in sorunsuz bir \u015fekilde ge\u00e7i\u015f yaparak 4G iletimi ile koordine olur.<\/p>\n<p>DJI RC Pro<br \/>\nG\u00fc\u00e7l\u00fc performans\u0131 ile DJI RC Pro, profesyonel hava foto\u011fraf\u00e7\u0131l\u0131\u011f\u0131 i\u00e7in \u00fcretilmi\u015ftir. DJI RC Pro, en yeni nesil i\u015flemcisi ve geni\u015fletilmi\u015f depolama kapasitesi sayesinde istikrarl\u0131 ve sorunsuz bir sistem \u00fczerinde \u00e7al\u0131\u015f\u0131r. G\u00fc\u00e7l\u00fc O3+ video iletim teknolojisi ile in\u015fa edilen DJI RC Pro, 4G ileti\u015fimini etkinle\u015ftirmek i\u00e7in DJI H\u00fccresel \u0130letim Mod\u00fcl\u00fc&#8217;n\u00fc de destekler ve daha hassas kontrol i\u00e7in DJI FPV&#8217;nin ayn\u0131 kontrol \u00e7ubuklar\u0131 tasar\u0131m\u0131n\u0131 benimser. DJI RC Pro, benzersiz kontrol ile u\u00e7u\u015f deneyimini y\u00fckseltir.<\/p>\n<p>Daha B\u00fcy\u00fck Ekran<br \/>\nDJI RC Pro, ortalama 1000 nit parlakl\u0131\u011fa ula\u015fan entegre bir 5.5 in\u00e7 1080p ekrana sahiptir. Bu uzun \u00f6m\u00fcrl\u00fc, y\u00fcksek parlakl\u0131\u011fa sahip ekran, do\u011frudan g\u00fcne\u015f \u0131\u015f\u0131\u011f\u0131 alt\u0131nda bile net g\u00f6r\u00fcnt\u00fc i\u00e7in g\u00f6lge ayr\u0131nt\u0131lar\u0131n\u0131n otomatik olarak geli\u015ftirildi\u011fi d\u0131\u015f \u00e7ekimler i\u00e7in m\u00fckemmeldir.<br \/>\nO3+ Video \u0130letimi<br \/>\nDJI H\u00fccresel \u0130letim Mod\u00fcl\u00fc tak\u0131l\u0131yken, DJI RC Pro 4G sinyalleri arac\u0131l\u0131\u011f\u0131yla \u00e7al\u0131\u015fabilir ve drone kentsel alanlarda, yo\u011fun ormanlarda ve di\u011fer karma\u015f\u0131k ortamlarda u\u00e7arken bile istikrarl\u0131 ileti\u015fim sa\u011flar. O3+ iletimi, 4G sistemiyle koordine olur ve u\u00e7u\u015f s\u0131ras\u0131nda sorunsuz bir \u00e7ekim deneyimi sa\u011flamak i\u00e7in sorunsuz bir \u015fekilde ge\u00e7i\u015f yapar.<\/p>\n<p>Hasselblad Do\u011fal Renk \u00c7\u00f6z\u00fcm\u00fc<br \/>\nMavic 3, onlarca y\u0131ll\u0131k foto\u011fraf deneyiminin sonucu olan Hasselblad Do\u011fal Renk \u00c7\u00f6z\u00fcm\u00fcne (HNCS) sahiptir. Bu, \u00f6n ayar veya post d\u00fczenleme olmadan bile muhte\u015fem g\u00f6r\u00fcnen canl\u0131 ve do\u011fru do\u011fal renkler sa\u011flar.<\/p>\n<p>MAVIC 3 KUTU \u0130\u00c7ER\u0130\u011e\u0130<\/p>\n<p>DJI MAVIC SER\u0130S\u0130 \u00dcR\u00dcN KAR\u015eILA\u015eTIRMASI<\/p>\n","protected":false},"excerpt":{"rendered":"<p>4\/3 CMOS Hasselblad kamerayla efsanevi i\u00e7erikleri yakalay\u0131n ve \u00e7ok y\u00f6nl\u00fc engel alg\u0131lama ile sorunsuz u\u00e7u\u015fun keyfini \u00e7\u0131kar\u0131n. DJI Mavic 3&#8217;teki her geli\u015ftirme, hava foto\u011fraf\u00e7\u0131l\u0131\u011f\u0131n\u0131n ne olabilece\u011fi konusunda yeni bir \u00f6l\u00e7\u00fct belirliyor. Mavic 3 ile u\u00e7un ve her \u015feyin \u00fczerinde g\u00f6r\u00fcnt\u00fclemeyi ke\u015ffedin.<\/p>\n","protected":false},"featured_media":9733,"comment_status":"open","ping_status":"closed","template":"","meta":[],"product_cat":[681,224],"product_tag":[],"_links":{"self":[{"href":"https:\/\/soleilsky.com.tr\/shop\/wp-json\/wp\/v2\/product\/9568"}],"collection":[{"href":"https:\/\/soleilsky.com.tr\/shop\/wp-json\/wp\/v2\/product"}],"about":[{"href":"https:\/\/soleilsky.com.tr\/shop\/wp-json\/wp\/v2\/types\/product"}],"replies":[{"embeddable":true,"href":"https:\/\/soleilsky.com.tr\/shop\/wp-json\/wp\/v2\/comments?post=9568"}],"wp:featuredmedia":[{"embeddable":true,"href":"https:\/\/soleilsky.com.tr\/shop\/wp-json\/wp\/v2\/media\/9733"}],"wp:attachment":[{"href":"https:\/\/soleilsky.com.tr\/shop\/wp-json\/wp\/v2\/media?parent=9568"}],"wp:term":[{"taxonomy":"product_cat","embeddable":true,"href":"https:\/\/soleilsky.com.tr\/shop\/wp-json\/wp\/v2\/product_cat?post=9568"},{"taxonomy":"product_tag","embeddable":true,"href":"https:\/\/soleilsky.com.tr\/shop\/wp-json\/wp\/v2\/product_tag?post=9568"}],"curies":[{"name":"wp","href":"https:\/\/api.w.org\/{rel}","templated":true}]}}