{"id":9575,"date":"2022-02-17T15:31:57","date_gmt":"2022-02-17T15:31:57","guid":{"rendered":"https:\/\/soleilsky.com.tr\/shop\/?post_type=product&#038;p=9575"},"modified":"2023-10-02T14:00:04","modified_gmt":"2023-10-02T14:00:04","slug":"litebee-wing-pervane-seti-4pcs","status":"publish","type":"product","link":"https:\/\/soleilsky.com.tr\/shop\/urun\/litebee-wing-pervane-seti-4pcs\/","title":{"rendered":"LiteBee Wing Pervane Seti (4pcs)"},"content":{"rendered":"<p>LiteBee Wing E\u011fitim Drone&#8217;lar\u0131 i\u00e7in yedek pervane 4&#8217;l\u00fc set<\/p>\n","protected":false},"excerpt":{"rendered":"<p>LiteBee Wing E\u011fitim Drone&#8217;lar\u0131 i\u00e7in yedek pervane 4&#8217;l\u00fc set<\/p>\n","protected":false},"featured_media":9576,"comment_status":"open","ping_status":"closed","template":"","meta":[],"product_cat":[691],"product_tag":[],"_links":{"self":[{"href":"https:\/\/soleilsky.com.tr\/shop\/wp-json\/wp\/v2\/product\/9575"}],"collection":[{"href":"https:\/\/soleilsky.com.tr\/shop\/wp-json\/wp\/v2\/product"}],"about":[{"href":"https:\/\/soleilsky.com.tr\/shop\/wp-json\/wp\/v2\/types\/product"}],"replies":[{"embeddable":true,"href":"https:\/\/soleilsky.com.tr\/shop\/wp-json\/wp\/v2\/comments?post=9575"}],"wp:featuredmedia":[{"embeddable":true,"href":"https:\/\/soleilsky.com.tr\/shop\/wp-json\/wp\/v2\/media\/9576"}],"wp:attachment":[{"href":"https:\/\/soleilsky.com.tr\/shop\/wp-json\/wp\/v2\/media?parent=9575"}],"wp:term":[{"taxonomy":"product_cat","embeddable":true,"href":"https:\/\/soleilsky.com.tr\/shop\/wp-json\/wp\/v2\/product_cat?post=9575"},{"taxonomy":"product_tag","embeddable":true,"href":"https:\/\/soleilsky.com.tr\/shop\/wp-json\/wp\/v2\/product_tag?post=9575"}],"curies":[{"name":"wp","href":"https:\/\/api.w.org\/{rel}","templated":true}]}}