{"id":9577,"date":"2022-02-17T16:26:24","date_gmt":"2022-02-17T16:26:24","guid":{"rendered":"https:\/\/soleilsky.com.tr\/shop\/?post_type=product&#038;p=9577"},"modified":"2023-10-02T14:59:42","modified_gmt":"2023-10-02T14:59:42","slug":"litebee-wing-pervane-koruyucu-set-4pcs","status":"publish","type":"product","link":"https:\/\/soleilsky.com.tr\/shop\/urun\/litebee-wing-pervane-koruyucu-set-4pcs\/","title":{"rendered":"LiteBee Wing Pervane Koruyucu Set (4pcs)"},"content":{"rendered":"<p>LiteBee Wing E\u011fitim Drone&#8217;lar\u0131 i\u00e7in pervane koruyucu plastik aparatlar, 2&#8217;li set halinde gelmektedir.<\/p>\n","protected":false},"excerpt":{"rendered":"<p>LiteBee Wing E\u011fitim Drone&#8217;lar\u0131 i\u00e7in pervane koruyucu plastik aparatlar, 2&#8217;li set halinde gelmektedir.<\/p>\n","protected":false},"featured_media":9580,"comment_status":"open","ping_status":"closed","template":"","meta":[],"product_cat":[691],"product_tag":[],"_links":{"self":[{"href":"https:\/\/soleilsky.com.tr\/shop\/wp-json\/wp\/v2\/product\/9577"}],"collection":[{"href":"https:\/\/soleilsky.com.tr\/shop\/wp-json\/wp\/v2\/product"}],"about":[{"href":"https:\/\/soleilsky.com.tr\/shop\/wp-json\/wp\/v2\/types\/product"}],"replies":[{"embeddable":true,"href":"https:\/\/soleilsky.com.tr\/shop\/wp-json\/wp\/v2\/comments?post=9577"}],"wp:featuredmedia":[{"embeddable":true,"href":"https:\/\/soleilsky.com.tr\/shop\/wp-json\/wp\/v2\/media\/9580"}],"wp:attachment":[{"href":"https:\/\/soleilsky.com.tr\/shop\/wp-json\/wp\/v2\/media?parent=9577"}],"wp:term":[{"taxonomy":"product_cat","embeddable":true,"href":"https:\/\/soleilsky.com.tr\/shop\/wp-json\/wp\/v2\/product_cat?post=9577"},{"taxonomy":"product_tag","embeddable":true,"href":"https:\/\/soleilsky.com.tr\/shop\/wp-json\/wp\/v2\/product_tag?post=9577"}],"curies":[{"name":"wp","href":"https:\/\/api.w.org\/{rel}","templated":true}]}}