{"id":9819,"date":"2022-10-07T12:25:57","date_gmt":"2022-10-07T12:25:57","guid":{"rendered":"https:\/\/soleilsky.com.tr\/shop\/?post_type=product&#038;p=9819"},"modified":"2022-10-24T13:35:14","modified_gmt":"2022-10-24T13:35:14","slug":"dji-matrice-300-rtk","status":"publish","type":"product","link":"https:\/\/soleilsky.com.tr\/shop\/urun\/dji-matrice-300-rtk\/","title":{"rendered":"DJI Matrice 300 RTK"},"content":{"rendered":"<p>Matrice 300 RTK, DJI&#8217;\u0131n modern havac\u0131l\u0131k sistemlerinden ilham alan en yeni ticari drone platformudur. 55 dakikaya kadar u\u00e7u\u015f s\u00fcresi, geli\u015fmi\u015f AI yetenkleri, 6 y\u00f6n alg\u0131lama ve konumland\u0131rma ve daha fazlas\u0131n\u0131 sunan M300 RTK, zekay\u0131 y\u00fcksek performans ve rakipsiz g\u00fcvenirlikle birle\u015ftirerek yepyeni bir standart belirliyor.<\/p>\n<ul>\n<li>15 km Maksimum \u015eanz\u0131man<\/li>\n<li class=\"style__icon-title___3mCPe\">6 Y\u00f6n Alg\u0131lama ve Konumland\u0131rma<\/li>\n<li class=\"style__icon-title___3mCPe\">Birincil U\u00e7u\u015f Ekran\u0131<\/li>\n<li class=\"style__icon-title___3mCPe\">IP45 Derecesi<\/li>\n<li class=\"style__icon-title___3mCPe\">-20\u00b0C ila 50\u00b0C \u00c7al\u0131\u015fma S\u0131cakl\u0131\u011f\u0131<\/li>\n<li class=\"style__icon-title___3mCPe\">\u00c7al\u0131\u015f\u0131rken De\u011fi\u015ftirilebilir Pil<\/li>\n<li class=\"style__icon-title___3mCPe\">\u0130HA Sa\u011fl\u0131k Y\u00f6netim Sistemi<\/li>\n<li>55 dakikal\u0131k Maksimum U\u00e7u\u015f S\u00fcresi<\/li>\n<\/ul>\n<h3 class=\"style__headline___1ripS style__headline-text___1tW5r aos-init aos-animate\" data-aos=\"fade-in\">Geli\u015ftirilmi\u015f \u0130letim Sistemi<\/h3>\n<p class=\"style__description___2V1Q7 aos-init aos-animate\" data-aos=\"fade-in\">Tamamen yeni OcuSync Enterprise, 15 km&#8217;ye kadar iletim sa\u011flar ve \u00fc\u00e7 kanall\u0131\u00a0<sup>3<\/sup>\u00a01080p videoyu destekler.\u00a0<sup>2,4 GHz ve 5,8 GHz 4<\/sup>\u00a0aras\u0131nda ger\u00e7ek zamanl\u0131 otomatik ge\u00e7i\u015f\u00a0, y\u00fcksek parazitli ortamlar\u0131n yak\u0131n\u0131nda daha g\u00fcvenilir u\u00e7u\u015f sa\u011flarken AES-256 \u015fifrelemesi g\u00fcvenli veri iletimi sunar.<\/p>\n<div class=\"style__icons-container___1CoW-\">\n<div class=\"style__icon-row-container___3A3EC\">\n<div class=\"style__icon-col-container___2pohI aos-init aos-animate\" data-aos=\"fade-in\">\n<div class=\"style__icon-item___UZU5k style__image-text___7HoYo\">\n<div class=\"style__icon-number-container___2cK9V\"><span class=\"style__icon-number___2OOlV\">15<\/span><span class=\"style__icon-unit___2hz_k\">km<\/span><\/div>\n<p class=\"style__icon-title___2ZaL_\">\u0130letim Aral\u0131\u011f\u0131<\/p>\n<\/div>\n<\/div>\n<div class=\"style__icon-col-container___2pohI aos-init aos-animate\" data-aos=\"fade-in\">\n<div class=\"style__icon-item___UZU5k style__image-text___7HoYo\">\n<div class=\"style__icon-number-container___2cK9V\"><span class=\"style__icon-number___2OOlV\">1080<\/span><span class=\"style__icon-unit___2hz_k\">p<\/span><\/div>\n<p class=\"style__icon-title___2ZaL_\">\u00dc\u00e7 Kanall\u0131 Video<\/p>\n<\/div>\n<\/div>\n<\/div>\n<div class=\"style__icon-row-container___3A3EC\">\n<div class=\"style__icon-col-container___2pohI aos-init aos-animate\" data-aos=\"fade-in\">\n<div class=\"style__icon-item___UZU5k style__image-text___7HoYo\">\n<div class=\"style__icon-number-container___2cK9V\"><span class=\"style__icon-number___2OOlV\">2.4 \/5.8<\/span><span class=\"style__icon-unit___2hz_k\">GHz<\/span><\/div>\n<p class=\"style__icon-title___2ZaL_\">Ger\u00e7ek zamanl\u0131 Otomatik ge\u00e7i\u015f<\/p>\n<h3 class=\"style__headline___1ripS style__headline-text___1tW5r aos-init aos-animate\" data-aos=\"fade-in\">Geli\u015fmi\u015f U\u00e7u\u015f Performans\u0131<\/h3>\n<p class=\"style__description___2V1Q7 aos-init aos-animate\" data-aos=\"fade-in\">\u0130yile\u015ftirilmi\u015f g\u00f6vde ve tahrik sistemi tasar\u0131m\u0131, zorlu ko\u015fullarda bile size daha verimli ve istikrarl\u0131 bir u\u00e7u\u015f sa\u011flar.<\/p>\n<div class=\"style__icons-container___1CoW-\">\n<div class=\"style__icon-row-container___3A3EC\">\n<div class=\"style__icon-col-container___2pohI aos-init aos-animate\" data-aos=\"fade-in\">\n<div class=\"style__icon-item___UZU5k style__image-text___7HoYo\">\n<div class=\"style__icon-number-container___2cK9V\"><span class=\"style__icon-number___2OOlV\">55<\/span><span class=\"style__icon-unit___2hz_k\">dk<\/span><\/div>\n<p class=\"style__icon-title___2ZaL_\">Maksimum U\u00e7u\u015f S\u00fcresi<\/p>\n<\/div>\n<\/div>\n<div class=\"style__icon-col-container___2pohI aos-init aos-animate\" data-aos=\"fade-in\">\n<div class=\"style__icon-item___UZU5k style__image-text___7HoYo\">\n<div class=\"style__icon-number-container___2cK9V\"><span class=\"style__icon-number___2OOlV\">7m\/s<\/span><\/div>\n<p class=\"style__icon-title___2ZaL_\">Maksimum \u0130ni\u015f H\u0131z\u0131\u00a0<sup>5<\/sup><\/p>\n<\/div>\n<\/div>\n<div class=\"style__icon-col-container___2pohI aos-init aos-animate\" data-aos=\"fade-in\">\n<div class=\"style__icon-item___UZU5k style__image-text___7HoYo\">\n<div class=\"style__icon-number-container___2cK9V\"><span class=\"style__icon-number___2OOlV\">7000<\/span><span class=\"style__icon-unit___2hz_k\">m<\/span><\/div>\n<p class=\"style__icon-title___2ZaL_\">Servis Tavan\u0131\u00a0<sup>6<\/sup><\/p>\n<\/div>\n<\/div>\n<\/div>\n<div class=\"style__icon-row-container___3A3EC\">\n<div class=\"style__icon-col-container___2pohI aos-init aos-animate\" data-aos=\"fade-in\">\n<div class=\"style__icon-item___UZU5k style__image-text___7HoYo\">\n<div class=\"style__icon-number-container___2cK9V\"><span class=\"style__icon-number___2OOlV\">15m\/s<\/span><\/div>\n<p class=\"style__icon-title___2ZaL_\">R\u00fczgar direnci<\/p>\n<\/div>\n<\/div>\n<div class=\"style__icon-col-container___2pohI aos-init aos-animate\" data-aos=\"fade-in\">\n<div class=\"style__icon-item___UZU5k style__image-text___7HoYo\">\n<div class=\"style__icon-number-container___2cK9V\"><span class=\"style__icon-number___2OOlV\">23m\/s<\/span><\/div>\n<p class=\"style__icon-title___2ZaL_\">Max h\u0131z<\/p>\n<\/div>\n<p><a ref=\"magnificPopup\" href=\"https:\/\/soleilsky.com.tr\/shop\/wp-content\/uploads\/2022\/10\/d4c584f55b42cc2ec3b15b685ac9d40d.png\"><img loading=\"lazy\" decoding=\"async\" class=\"alignnone wp-image-9877\" src=\"https:\/\/soleilsky.com.tr\/shop\/wp-content\/uploads\/2022\/10\/d4c584f55b42cc2ec3b15b685ac9d40d-300x200.png\" alt=\"\" width=\"401\" height=\"267\" srcset=\"https:\/\/soleilsky.com.tr\/shop\/wp-content\/uploads\/2022\/10\/d4c584f55b42cc2ec3b15b685ac9d40d-300x200.png 300w, https:\/\/soleilsky.com.tr\/shop\/wp-content\/uploads\/2022\/10\/d4c584f55b42cc2ec3b15b685ac9d40d-1024x683.png 1024w, https:\/\/soleilsky.com.tr\/shop\/wp-content\/uploads\/2022\/10\/d4c584f55b42cc2ec3b15b685ac9d40d-600x400.png 600w, https:\/\/soleilsky.com.tr\/shop\/wp-content\/uploads\/2022\/10\/d4c584f55b42cc2ec3b15b685ac9d40d.png 1386w\" sizes=\"(max-width: 401px) 100vw, 401px\" \/><\/a><\/p>\n<div class=\"style__scroll-content___22D6A style__scroll-content-special___3ev2s\" data-figuare=\"#adaptive-dom0\">\n<h2 class=\"style__scroll-content-title___3HxU8\">Ak\u0131ll\u0131 Denetim<\/h2>\n<\/div>\n<div class=\"style__scroll-content___22D6A\" data-figuare=\"#adaptive-dom1\">\n<div class=\"style__text___20KXk\">\n<div class=\"style__adaptive-section___jzbj0 style__sticky___2c8Y_\">\n<div class=\"adaptive-item style__adaptive-item___223-3 active\">\n<div class=\"style__video-box___25oQF\">\n<div>\n<p><video class=\"video style__video___mRixb\" poster=\"https:\/\/dji-official-fe.djicdn.com\/dps\/7ef2f74fd36498dd543ff64407964ed2.jpg\" loop=\"loop\" width=\"300\" height=\"150\" data-layzr-poster=\"https:\/\/dji-official-fe.djicdn.com\/dps\/7ef2f74fd36498dd543ff64407964ed2.jpg\"><\/p>\n<div pseudo=\"-webkit-media-controls\" class=\"sizing-small phase-pre-ready state-no-source\">\n<div pseudo=\"-webkit-media-controls-overlay-enclosure\"><\/div>\n<div pseudo=\"-webkit-media-controls-enclosure\"><\/div>\n<\/div>\n<p>&nbsp;<\/p>\n<p>&nbsp;<\/p>\n<p><\/video><\/p>\n<div class=\"style__video-mask___1C5QB\"><\/div>\n<\/div>\n<\/div>\n<\/div>\n<div class=\"adaptive-item style__adaptive-item___223-3\">\n<div class=\"style__video-box___25oQF\">\n<div>\n<p><video class=\"video style__video___mRixb\" poster=\"https:\/\/dji-official-fe.djicdn.com\/dps\/2f7abacbeb20cb8f16fc47fb826466f1.jpg\" loop=\"loop\" width=\"300\" height=\"150\" data-layzr-poster=\"https:\/\/dji-official-fe.djicdn.com\/dps\/2f7abacbeb20cb8f16fc47fb826466f1.jpg\"><\/video><\/p>\n<div class=\"style__video-mask___1C5QB\"><\/div>\n<\/div>\n<\/div>\n<\/div>\n<div class=\"adaptive-item style__adaptive-item___223-3\">\n<div class=\"style__video-box___25oQF\">\n<div class=\"style__video-mask___1C5QB\"><\/div>\n<\/div>\n<\/div>\n<\/div>\n<div id=\"scroll-panel\" class=\"style__scroll-panel___FWc9J\">\n<div class=\"style__scroll-content___22D6A style__scroll-content-special___3ev2s\" data-figuare=\"#adaptive-dom0\">\n<h2 class=\"style__scroll-content-title___3HxU8\">Ak\u0131ll\u0131 Denetim<\/h2>\n<\/div>\n<div class=\"style__scroll-content___22D6A\" data-figuare=\"#adaptive-dom1\">\n<div class=\"style__text___20KXk\">\n<h3 class=\"style__item-title___3wtWE\">Canl\u0131 G\u00f6rev Kayd\u0131<\/h3>\n<p class=\"style__item-desc___1sEJ0\">Gelecekteki otomatik denetimler i\u00e7in \u00f6rnek g\u00f6rev dosyalar\u0131 olu\u015fturmak i\u00e7in u\u00e7ak hareketi, yalpa y\u00f6nlendirme, foto\u011fraf \u00e7ekimi ve yak\u0131nla\u015ft\u0131rma d\u00fczeyi gibi g\u00f6rev eylemlerini kaydedin.<\/p>\n<h3 class=\"style__item-title___3wtWE\">AI Nokta Kontrol\u00fc<\/h3>\n<p class=\"style__item-desc___1sEJ0\">Rutin denetimleri otomatikle\u015ftirin ve her seferinde tutarl\u0131 sonu\u00e7lar elde edin.\u00a0Yerle\u015fik AI, ilgili konuyu tan\u0131r ve tutarl\u0131 \u00e7er\u00e7eveleme sa\u011flamak i\u00e7in sonraki otomatik g\u00f6revlerde tan\u0131mlar.<\/p>\n<h3 class=\"style__item-title___3wtWE\">Ara Noktalar 2.0<\/h3>\n<p class=\"style__item-desc___1sEJ0\">65.535&#8217;e kadar ara nokta olu\u015fturun ve her yol noktas\u0131nda\u00a0taraf olanlar da dahil olmak \u00fczere bir veya daha fazla y\u00fck i\u00e7in birden fazla eylem ayarlay\u0131n.\u00a0U\u00e7u\u015f yolu planlamas\u0131, g\u00f6revleriniz i\u00e7in esnekli\u011fi ve verimlili\u011fi en \u00fcst d\u00fczeye \u00e7\u0131karmak i\u00e7in de optimize edilmi\u015ftir.<\/p>\n<\/div>\n<div class=\"style__adaptive-section___jzbj0 style__sticky___2c8Y_\">\n<div class=\"adaptive-item style__adaptive-item___223-3 active\"><\/div>\n<\/div>\n<div id=\"scroll-panel\" class=\"style__scroll-panel___FWc9J\">\n<div class=\"style__scroll-content___22D6A\" data-figuare=\"#adaptive-dom1\">\n<div class=\"style__text___20KXk\">\n<div class=\"style__adaptive-section___jzbj0 style__sticky___2c8Y_\">\n<div class=\"adaptive-item style__adaptive-item___223-3\">\n<div class=\"style__video-box___25oQF\">\n<div class=\"style__video-mask___1C5QB\"><\/div>\n<\/div>\n<\/div>\n<div class=\"adaptive-item style__adaptive-item___223-3 active\">\n<div class=\"style__video-box___25oQF\">\n<div class=\"style__video-mask___1C5QB\"><\/div>\n<\/div>\n<\/div>\n<\/div>\n<div id=\"scroll-panel\" class=\"style__scroll-panel___FWc9J\">\n<div>\n<div class=\"style__scroll-content___22D6A style__scroll-content-special___3ev2s\" data-figuare=\"#adaptive-dom0\">\n<h2 class=\"style__scroll-content-title___3HxU8\">Smart Pin &amp; Track\u00a0<sup>8<\/sup><\/h2>\n<\/div>\n<div class=\"style__scroll-content___22D6A\" data-figuare=\"#adaptive-dom1\">\n<div class=\"style__text___20KXk\">\n<h3 class=\"style__item-title___3wtWE\">PinPoint<\/h3>\n<p class=\"style__item-desc___1sEJ0\">H\u0131zl\u0131 bir dokunu\u015fla kamera veya harita g\u00f6r\u00fcn\u00fcm\u00fcnde bir nesneyi i\u015faretleyin ve geli\u015fmi\u015f sens\u00f6r birle\u015ftirme algoritmalar\u0131, bir AR simgesi olarak t\u00fcm kamera g\u00f6r\u00fcn\u00fcmlerine yans\u0131t\u0131lan koordinatlar\u0131n\u0131 an\u0131nda hesaplayacakt\u0131r.\u00a0Konunun konumu otomatik olarak ba\u015fka bir uzaktan kumanda ile veya DJI FlightHub\u00a0<sup>9<\/sup>\u00a0gibi \u00e7evrimi\u00e7i platformlarla payla\u015f\u0131l\u0131r .<\/p>\n<\/div>\n<\/div>\n<div class=\"style__scroll-content___22D6A\" data-figuare=\"#adaptive-dom2\">\n<div class=\"style__text___20KXk\">\n<h3 class=\"style__item-title___3wtWE\">Ak\u0131ll\u0131 \u0130zleme<\/h3>\n<p class=\"style__item-desc___1sEJ0\">S\u00fcrekli izleme ve g\u00f6r\u00fcnt\u00fcleme i\u00e7in otomatik yak\u0131nla\u015ft\u0131rman\u0131n uyguland\u0131\u011f\u0131 Smart Track i\u015fleviyle insanlar, ara\u00e7lar ve tekneler gibi hareketli nesneleri tan\u0131mlay\u0131n ve takip edin.\u00a0\u00d6znenin dinamik konumu s\u00fcrekli olarak al\u0131n\u0131r ve ba\u015fka bir uzaktan kumandayla veya DJI FlightHub\u00a0<sup>9<\/sup>\u00a0ile payla\u015f\u0131l\u0131r .<\/p>\n<h3 class=\"style__headline___1ripS style__headline-text___1tW5r aos-init aos-animate\" data-aos=\"fade-in\">Geli\u015fmi\u015f \u00c7ift Kontrol<\/h3>\n<p class=\"style__description___2V1Q7 aos-init aos-animate\" data-aos=\"fade-in\">Her iki operat\u00f6r de art\u0131k tek bir dokunu\u015fla u\u00e7a\u011f\u0131n veya y\u00fck\u00fcn kontrol\u00fcn\u00fc elde edebilir.\u00a0Bu, operasyonlar s\u0131ras\u0131nda daha y\u00fcksek esnekli\u011fin yan\u0131 s\u0131ra g\u00f6rev stratejileri i\u00e7in yeni olanaklar yarat\u0131r.<\/p>\n<div id=\"8072\" class=\"section-content\" data-hydration-on-demand=\"true\" data-ga-category=\"matrice-300_8072\" data-gtm-vis-first-on-screen-6907517_879=\"561339\" data-gtm-vis-total-visible-time-6907517_879=\"100\" data-gtm-vis-has-fired-6907517_879=\"1\">\n<div class=\"atom-component\" tabindex=\"0\" role=\"button\">\n<div class=\"atom-design-v1 style__hero-vertical-component___2JEHR\">\n<div id=\"\" class=\"style__hero-vertical-wrapper___2mUEj\">\n<div class=\"style__vertical-card-list___LceQJ style__vertical-center-align___39Pu3 aos-init aos-animate\" data-aos=\"fade-in\">\n<div class=\"style__vertical-card-col___3agtC\">\n<div class=\"atom-design-v1 style__hero-vertical-card___2B64y\">\n<div class=\"style__card-wrapper___3yqfZ style__vertical-center-align___3RP93 style__horizontal-center-align___YtBVc\" tabindex=\"0\" role=\"button\" data-ga-label=\"\">\n<div class=\"style__card-container___KPQkl style__size-xxxxl___3ItPZ\">\n<div class=\"style__text-content-container___1aLKY\">\n<h2 class=\"style__headline___1ripS style__headline-text___1tW5r aos-init aos-animate\" data-aos=\"fade-in\">G\u00fcvenlik ve G\u00fcvenilirlik<\/h2>\n<\/div>\n<\/div>\n<\/div>\n<\/div>\n<\/div>\n<\/div>\n<\/div>\n<\/div>\n<\/div>\n<\/div>\n<div id=\"8073\" class=\"section-content\" data-hydration-on-demand=\"true\" data-ga-category=\"matrice-300_8073\" data-gtm-vis-first-on-screen-6907517_879=\"562212\" data-gtm-vis-total-visible-time-6907517_879=\"100\" data-gtm-vis-has-fired-6907517_879=\"1\">\n<div class=\"atom-component\" tabindex=\"0\" role=\"button\">\n<div class=\"atom-design-v1 style__hero-vertical-component___2JEHR\">\n<div id=\"\" class=\"style__hero-vertical-wrapper___2mUEj\">\n<div class=\"style__vertical-card-list___LceQJ style__vertical-top-align___3JPlu aos-init aos-animate\" data-aos=\"fade-in\">\n<div class=\"style__vertical-card-col___3agtC\">\n<div class=\"atom-design-v1 style__hero-vertical-card___2B64y\">\n<div class=\"style__card-wrapper___3yqfZ style__vertical-top-align___3w7Dp style__horizontal-left-align___3tk_z\" tabindex=\"0\" role=\"button\" data-ga-label=\"\">\n<div class=\"style__card-container___KPQkl style__size-xxxl___36o2G\">\n<div class=\"style__text-content-container___1aLKY\">\n<h3 class=\"style__headline___1ripS style__headline-text___1tW5r aos-init aos-animate\" data-aos=\"fade-in\">G\u00fcvenebilece\u011finiz G\u00fc\u00e7l\u00fc Bir G\u00f6r\u00fc\u015f Sistemi<\/h3>\n<\/div>\n<\/div>\n<\/div>\n<\/div>\n<\/div>\n<div class=\"style__vertical-card-col___3agtC\">\n<div class=\"atom-design-v1 style__hero-vertical-card___2B64y\">\n<div class=\"style__card-wrapper___3yqfZ style__vertical-top-align___3w7Dp style__horizontal-left-align___3tk_z\" tabindex=\"0\" role=\"button\" data-ga-label=\"\">\n<div class=\"style__card-container___KPQkl style__size-xxxl___36o2G\">\n<div class=\"style__text-content-container___1aLKY\">\n<p class=\"style__description___2V1Q7 aos-init aos-animate\" data-aos=\"fade-in\">U\u00e7u\u015f s\u0131ras\u0131nda g\u00fcvenli\u011fi ve u\u00e7ak stabilitesini art\u0131rmak i\u00e7in, u\u00e7a\u011f\u0131n alt\u0131 taraf\u0131nda yer alan \u00e7ift g\u00f6r\u00fc\u015f ve ToF sens\u00f6rleri, DJI Pilot Uygulamas\u0131 arac\u0131l\u0131\u011f\u0131yla u\u00e7a\u011f\u0131n alg\u0131lama davran\u0131\u015f\u0131n\u0131 \u00f6zelle\u015ftirme se\u00e7enekleriyle birlikte 40 m&#8217;ye kadar maksimum alg\u0131lama aral\u0131\u011f\u0131 sunar.\u00a0Bu 6 Y\u00f6n Alg\u0131lama ve Konumland\u0131rma sistemi, karma\u015f\u0131k \u00e7al\u0131\u015fma ortamlar\u0131nda bile, u\u00e7a\u011f\u0131n ve g\u00f6revin g\u00fcvenli\u011fini sa\u011flamaya yard\u0131mc\u0131 olur.<\/p>\n<\/div>\n<p data-aos=\"fade-in\">\n<\/div>\n<\/div>\n<\/div>\n<\/div>\n<\/div>\n<\/div>\n<\/div>\n<\/div>\n<\/div>\n<\/div>\n<\/div>\n<\/div>\n<\/div>\n<\/div>\n<\/div>\n<\/div>\n<\/div>\n<\/div>\n<\/div>\n<\/div>\n<\/div>\n<\/div>\n<\/div>\n<\/div>\n<\/div>\n<\/div>\n<\/div>\n","protected":false},"excerpt":{"rendered":"<p>Matrice 300 RTK, DJI&#8217;\u0131n modern havac\u0131l\u0131k sistemlerinden ilham alan en yeni ticari drone platformudur. 55 dakikaya kadar u\u00e7u\u015f s\u00fcresi, geli\u015fmi\u015f AI yetenkleri, 6 y\u00f6n alg\u0131lama ve konumland\u0131rma ve daha fazlas\u0131n\u0131 sunan M300 RTK, zekay\u0131 y\u00fcksek performans ve rakipsiz g\u00fcvenirlikle birle\u015ftirerek yepyeni bir standart belirliyor. 15 km Maksimum \u015eanz\u0131man 6 Y\u00f6n Alg\u0131lama ve Konumland\u0131rma Birincil U\u00e7u\u015f&#8230;<\/p>\n","protected":false},"featured_media":9821,"comment_status":"open","ping_status":"closed","template":"","meta":[],"product_cat":[226],"product_tag":[],"_links":{"self":[{"href":"https:\/\/soleilsky.com.tr\/shop\/wp-json\/wp\/v2\/product\/9819"}],"collection":[{"href":"https:\/\/soleilsky.com.tr\/shop\/wp-json\/wp\/v2\/product"}],"about":[{"href":"https:\/\/soleilsky.com.tr\/shop\/wp-json\/wp\/v2\/types\/product"}],"replies":[{"embeddable":true,"href":"https:\/\/soleilsky.com.tr\/shop\/wp-json\/wp\/v2\/comments?post=9819"}],"wp:featuredmedia":[{"embeddable":true,"href":"https:\/\/soleilsky.com.tr\/shop\/wp-json\/wp\/v2\/media\/9821"}],"wp:attachment":[{"href":"https:\/\/soleilsky.com.tr\/shop\/wp-json\/wp\/v2\/media?parent=9819"}],"wp:term":[{"taxonomy":"product_cat","embeddable":true,"href":"https:\/\/soleilsky.com.tr\/shop\/wp-json\/wp\/v2\/product_cat?post=9819"},{"taxonomy":"product_tag","embeddable":true,"href":"https:\/\/soleilsky.com.tr\/shop\/wp-json\/wp\/v2\/product_tag?post=9819"}],"curies":[{"name":"wp","href":"https:\/\/api.w.org\/{rel}","templated":true}]}}