{"id":9928,"date":"2022-10-09T09:13:27","date_gmt":"2022-10-09T09:13:27","guid":{"rendered":"https:\/\/soleilsky.com.tr\/shop\/?post_type=product&#038;p=9928"},"modified":"2023-10-02T14:30:51","modified_gmt":"2023-10-02T14:30:51","slug":"dji-d-rtk-2-base-station-tripod","status":"publish","type":"product","link":"https:\/\/soleilsky.com.tr\/shop\/urun\/dji-d-rtk-2-base-station-tripod\/","title":{"rendered":"DJI D-RTK 2 Base Station Tripod"},"content":{"rendered":"<h2>DJI D-RTK 2 Base Station Tripod \u0130ncelemesi<\/h2>\n<hr \/>\n<div><\/div>\n<div><\/div>\n<div>Genel \u00d6zellikler<\/div>\n<ul>\n<li>DJI D-RTK 2 GNSS Mobil \u0130stasyon gerektirir<\/li>\n<li>Kararl\u0131 Bir Platform i\u00e7in \u00c7ivili Ayaklar<\/li>\n<li>3.3 &#8216;Tripod Y\u00fcksekli\u011fi<\/li>\n<li>Bacaklar 23,6 in\u00e7&#8217;e kadar uzat\u0131l\u0131r<\/li>\n<\/ul>\n<div><\/div>\n<div>D-RTK 2 Mobil \u0130stasyon \u00fc\u00e7ayak ile ilgili DJI bir GNSS ba\u011flant\u0131s\u0131 elde etmek i\u00e7in sabit bir platform temin yard\u0131m\u0131na DJI D-RTK 2 mobil istasyon ile ba\u011flant\u0131l\u0131 olarak \u00e7al\u0131\u015f\u0131r. Drone tabanl\u0131 \u00f6l\u00e7me ve haritalama projeleri i\u00e7in santimetre d\u00fczeyinde do\u011fruluk elde etmeye \u00e7al\u0131\u015f\u0131rken D-RTK 2 i\u00e7in \u00f6nemli bir aksesuard\u0131r. Tripod, \u00fc\u00e7 baca\u011f\u0131n her birinin u\u00e7lar\u0131ndaki sivri u\u00e7lar\u0131 kullanarak zemine sa\u011flam bir \u015fekilde tutturulacak \u015fekilde tasarlanm\u0131\u015ft\u0131r. 3,3 &#8216;y\u00fckseklik ve en fazla 23,6 &#8220;bacak uzant\u0131s\u0131, D-RTK 2 i\u00e7in sa\u011flam bir GNSS ba\u011flant\u0131s\u0131 elde etmeye yard\u0131mc\u0131 olur.<\/div>\n","protected":false},"excerpt":{"rendered":"<p>DJI D-RTK 2 Base Station Tripod \u0130ncelemesi Genel \u00d6zellikler DJI D-RTK 2 GNSS Mobil \u0130stasyon gerektirir Kararl\u0131 Bir Platform i\u00e7in \u00c7ivili Ayaklar 3.3 &#8216;Tripod Y\u00fcksekli\u011fi Bacaklar 23,6 in\u00e7&#8217;e kadar uzat\u0131l\u0131r D-RTK 2 Mobil \u0130stasyon \u00fc\u00e7ayak ile ilgili DJI bir GNSS ba\u011flant\u0131s\u0131 elde etmek i\u00e7in sabit bir platform temin yard\u0131m\u0131na DJI D-RTK 2 mobil istasyon ile&#8230;<\/p>\n","protected":false},"featured_media":9931,"comment_status":"open","ping_status":"closed","template":"","meta":[],"product_cat":[304],"product_tag":[],"_links":{"self":[{"href":"https:\/\/soleilsky.com.tr\/shop\/wp-json\/wp\/v2\/product\/9928"}],"collection":[{"href":"https:\/\/soleilsky.com.tr\/shop\/wp-json\/wp\/v2\/product"}],"about":[{"href":"https:\/\/soleilsky.com.tr\/shop\/wp-json\/wp\/v2\/types\/product"}],"replies":[{"embeddable":true,"href":"https:\/\/soleilsky.com.tr\/shop\/wp-json\/wp\/v2\/comments?post=9928"}],"wp:featuredmedia":[{"embeddable":true,"href":"https:\/\/soleilsky.com.tr\/shop\/wp-json\/wp\/v2\/media\/9931"}],"wp:attachment":[{"href":"https:\/\/soleilsky.com.tr\/shop\/wp-json\/wp\/v2\/media?parent=9928"}],"wp:term":[{"taxonomy":"product_cat","embeddable":true,"href":"https:\/\/soleilsky.com.tr\/shop\/wp-json\/wp\/v2\/product_cat?post=9928"},{"taxonomy":"product_tag","embeddable":true,"href":"https:\/\/soleilsky.com.tr\/shop\/wp-json\/wp\/v2\/product_tag?post=9928"}],"curies":[{"name":"wp","href":"https:\/\/api.w.org\/{rel}","templated":true}]}}