{"id":9934,"date":"2022-10-09T09:22:09","date_gmt":"2022-10-09T09:22:09","guid":{"rendered":"https:\/\/soleilsky.com.tr\/shop\/?post_type=product&#038;p=9934"},"modified":"2022-10-24T12:03:30","modified_gmt":"2022-10-24T12:03:30","slug":"dji-phantom-4-multispectral-with-shield","status":"publish","type":"product","link":"https:\/\/soleilsky.com.tr\/shop\/urun\/dji-phantom-4-multispectral-with-shield\/","title":{"rendered":"DJI Phantom 4 Multispectral with Shield"},"content":{"rendered":"<p>DJI Phantom 4 Multispectral | P4 Multispectral<\/p>\n<p>Hedefleriniz ve Planlar\u0131n\u0131z i\u00e7in Havadan Bilgi Toplay\u0131n<br \/>\nTar\u0131m g\u00f6revleri, \u00e7evresel izleme ve daha fazlas\u0131 i\u00e7in tasarlanm\u0131\u015f sorunsuz entegre multispektral g\u00f6r\u00fcnt\u00fcleme sistemine sahip y\u00fcksek hassasiyetli bir drone olan P4 Multispectral&#8217; \u0131 kullanarak tesis d\u00fczeyinde hassas veriler toplay\u0131n.<\/p>\n<p>Bitki Sa\u011fl\u0131\u011f\u0131 Hakk\u0131nda An\u0131nda \u0130\u00e7g\u00f6r\u00fcler Elde Edin<br \/>\nP4 Multispectral, mahsul sa\u011fl\u0131\u011f\u0131 ve bitki \u00f6rt\u00fcs\u00fc y\u00f6netimi hakk\u0131nda fikir veren verileri yakalama s\u00fcrecini birle\u015ftirir. DJI, bu platformu , OcuSync sistemi ile 27 dakika maksimum u\u00e7u\u015f s\u00fcresi ve 7 km 1&#8217;e kadar iletim aral\u0131\u011f\u0131 dahil olmak \u00fczere DJI&#8217; \u0131n g\u00fc\u00e7l\u00fc performans standartlar\u0131yla olu\u015fturdu.<\/p>\n<p>Y\u00fczeyin Alt\u0131na Bak\u0131n<br \/>\nKutudan \u00e7\u0131kar \u00e7\u0131kmaz kapsaml\u0131 veri k\u00fcmeleri toplayan yerle\u015fik stabilize g\u00f6r\u00fcnt\u00fcleme sistemiyle tar\u0131msal g\u00f6r\u00fcnt\u00fc toplama, art\u0131k her zamankinden daha basit ve daha verimli. 1 RGB kamera ve Mavi, Ye\u015fil, K\u0131rm\u0131z\u0131, K\u0131rm\u0131z\u0131 Kenar ve Yak\u0131n K\u0131z\u0131l\u00f6tesi bantlar\u0131 kapsayan 5 kameral\u0131 multispektral kamera dizisi taraf\u0131ndan toplanan bilgilere eri\u015fin &#8211; t\u00fcm\u00fc 3 eksenli stabilize gimbal \u00fczerinde global deklan\u015f\u00f6rl\u00fc 2 MP&#8217; de.<\/p>\n<p>Do\u011fru Sonu\u00e7lar i\u00e7in Entegre Spektral G\u00fcne\u015f I\u015f\u0131\u011f\u0131 Sens\u00f6r\u00fc<br \/>\nU\u00e7a\u011f\u0131n \u00fcst\u00fcndeki entegre spektral g\u00fcne\u015f \u0131\u015f\u0131\u011f\u0131 sens\u00f6r\u00fc, g\u00fcn\u00fcn farkl\u0131 zamanlar\u0131nda veri toplaman\u0131n do\u011frulu\u011funu ve tutarl\u0131l\u0131\u011f\u0131n\u0131 en \u00fcst d\u00fczeye \u00e7\u0131karan g\u00fcne\u015f \u0131\u015f\u0131n\u0131m\u0131n\u0131 yakalar. Sonradan i\u015flenmi\u015f verilerle birle\u015ftirildi\u011finde, bu bilgiler en do\u011fru NDVI sonu\u00e7lar\u0131n\u0131n elde edilmesine yard\u0131mc\u0131 olur.<\/p>\n<p>Santimetre d\u00fczeyinde Hassasiyet<br \/>\nDJI&#8217; \u0131n TimeSync sistemi ile alt\u0131 kameran\u0131n tamam\u0131 taraf\u0131ndan yakalanan g\u00f6r\u00fcnt\u00fclerde ger\u00e7ek zamanl\u0131, do\u011fru konumland\u0131rma verileri al\u0131n ve santimetre d\u00fczeyinde do\u011fru \u00f6l\u00e7\u00fcmler sa\u011flay\u0131n. TimeSync sistemi, u\u00e7u\u015f kontrol cihaz\u0131n\u0131, RGB ve NB kameralar\u0131 ve RTK mod\u00fcl\u00fcn\u00fc s\u00fcrekli olarak hizalar, konumland\u0131rma verilerini CMOS&#8217;un merkezine sabitler ve her foto\u011fraf\u0131n en do\u011fru meta verileri kullanmas\u0131n\u0131 sa\u011flar. T\u00fcm kameralar, radyal ve te\u011fet lens bozulmalar\u0131n\u0131n \u00f6l\u00e7\u00fcld\u00fc\u011f\u00fc titiz bir kalibrasyon s\u00fcrecinden ge\u00e7er. Toplanan bozulma parametreleri her g\u00f6r\u00fcnt\u00fcn\u00fcn meta verilerine kaydedilir ve i\u015flem sonras\u0131 yaz\u0131l\u0131m\u0131n her kullan\u0131c\u0131 i\u00e7in benzersiz bir \u015fekilde ayarlanmas\u0131na izin verir.<\/p>\n<div><\/div>\n<div><\/div>\n<div>Kutu \u0130\u00e7eri\u011fi<\/div>\n<ul>\n<li>P4 Multispectra Drone<\/li>\n<li>Uzaktan Kumanda<\/li>\n<li>Pervaneler* 4<\/li>\n<li>Ak\u0131ll\u0131 U\u00e7u\u015f Bataryas\u0131 *2<\/li>\n<li>\u015earj Aleti<\/li>\n<li>\u015earj Kablosu<\/li>\n<li>\u015earj \u00dcnitesi<\/li>\n<li>Gimbal Kelep\u00e7esi<\/li>\n<li>Micro Usb Kablo<\/li>\n<li>Ta\u015f\u0131ma \u00c7antas\u0131<\/li>\n<\/ul>\n","protected":false},"excerpt":{"rendered":"<p>DJI Phantom 4 Multispectral | P4 Multispectral Hedefleriniz ve Planlar\u0131n\u0131z i\u00e7in Havadan Bilgi Toplay\u0131n Tar\u0131m g\u00f6revleri, \u00e7evresel izleme ve daha fazlas\u0131 i\u00e7in tasarlanm\u0131\u015f sorunsuz entegre multispektral g\u00f6r\u00fcnt\u00fcleme sistemine sahip y\u00fcksek hassasiyetli bir drone olan P4 Multispectral&#8217; \u0131 kullanarak tesis d\u00fczeyinde hassas veriler toplay\u0131n. Bitki Sa\u011fl\u0131\u011f\u0131 Hakk\u0131nda An\u0131nda \u0130\u00e7g\u00f6r\u00fcler Elde Edin P4 Multispectral, mahsul sa\u011fl\u0131\u011f\u0131 ve&#8230;<\/p>\n","protected":false},"featured_media":9935,"comment_status":"open","ping_status":"closed","template":"","meta":[],"product_cat":[226],"product_tag":[],"_links":{"self":[{"href":"https:\/\/soleilsky.com.tr\/shop\/wp-json\/wp\/v2\/product\/9934"}],"collection":[{"href":"https:\/\/soleilsky.com.tr\/shop\/wp-json\/wp\/v2\/product"}],"about":[{"href":"https:\/\/soleilsky.com.tr\/shop\/wp-json\/wp\/v2\/types\/product"}],"replies":[{"embeddable":true,"href":"https:\/\/soleilsky.com.tr\/shop\/wp-json\/wp\/v2\/comments?post=9934"}],"wp:featuredmedia":[{"embeddable":true,"href":"https:\/\/soleilsky.com.tr\/shop\/wp-json\/wp\/v2\/media\/9935"}],"wp:attachment":[{"href":"https:\/\/soleilsky.com.tr\/shop\/wp-json\/wp\/v2\/media?parent=9934"}],"wp:term":[{"taxonomy":"product_cat","embeddable":true,"href":"https:\/\/soleilsky.com.tr\/shop\/wp-json\/wp\/v2\/product_cat?post=9934"},{"taxonomy":"product_tag","embeddable":true,"href":"https:\/\/soleilsky.com.tr\/shop\/wp-json\/wp\/v2\/product_tag?post=9934"}],"curies":[{"name":"wp","href":"https:\/\/api.w.org\/{rel}","templated":true}]}}