{"id":9941,"date":"2022-10-09T09:35:12","date_gmt":"2022-10-09T09:35:12","guid":{"rendered":"https:\/\/soleilsky.com.tr\/shop\/?post_type=product&#038;p=9941"},"modified":"2022-10-24T13:34:12","modified_gmt":"2022-10-24T13:34:12","slug":"dji-zenmuse-h20n","status":"publish","type":"product","link":"https:\/\/soleilsky.com.tr\/shop\/urun\/dji-zenmuse-h20n\/","title":{"rendered":"DJI Zenmuse H20N"},"content":{"rendered":"<h2><strong>DJI Zenmuse H20N \u00d6zellikleri<\/strong><\/h2>\n<div>&#x2714;&#xfe0f;Y\u0131ld\u0131z I\u015f\u0131\u011f\u0131 Gece G\u00f6r\u00fc\u015f\u00fc<\/div>\n<div>&#x2714;&#xfe0f;640&#215;512 \u00c7ift Termal Kameralar. 2 x, 8 x Optik Yak\u0131nla\u015ft\u0131rma<\/div>\n<div>&#x2714;&#xfe0f;20 x Hibrit Optik Yak\u0131nla\u015ft\u0131rma<\/div>\n<div>&#x2714;&#xfe0f;Lazer menzil bulucu. 1200m Maksimum Menzil<\/div>\n<div>&#x2714;&#xfe0f;Senkronize B\u00f6l\u00fcnm\u00fc\u015f Ekran Yak\u0131nla\u015ft\u0131rma<\/div>\n<div>&#x2714;&#xfe0f;Ak\u0131ll\u0131 Gece Manzaras\u0131 Geli\u015ftirme<\/div>\n<div>&#x2714;&#xfe0f;IP44 Derecelendirmesi<\/div>\n<div>&#x2714;&#xfe0f;-20 Derece C ila 50 Derece C \u00c7al\u0131\u015fma S\u0131cakl\u0131\u011f\u0131<\/div>\n<div><\/div>\n<div><img decoding=\"async\" src=\"https:\/\/www.dronmarket.com\/class\/INNOVAEditor\/assets\/dji-zenmuse-h20n_.png\" alt=\"dj\u0131-zenmuse\" \/><\/div>\n<div><strong>DJI Zenmuse H20N Hakk\u0131nda<\/strong><\/div>\n<div>&#8211; Zenmuse H20N &#8211;<\/div>\n<div><\/div>\n<div>Karanl\u0131\u011f\u0131n \u00d6tesinde Vizyon. Gece G\u00f6r\u00fc\u015f\u00fc i\u00e7in &#8220;N&#8221;<\/div>\n<div>Zenmuse H20N, y\u0131ld\u0131z \u0131\u015f\u0131\u011f\u0131 sens\u00f6rlerini1 yak\u0131nla\u015ft\u0131rma ve geni\u015f a\u00e7\u0131l\u0131 kameralar\u0131na entegre eder. Bunu \u00e7ift zumlu termal kameralar ve bir lazer telemetre ile e\u015fle\u015ftirin ve duruma uygun \u00e7ok y\u00f6nl\u00fc bir hibrit y\u00fcke sahip olun.<\/div>\n<div><\/div>\n<div><em><strong>\u00c7oklu Boyutlarda Y\u00fckseltilmi\u015f Sens\u00f6rler<\/strong><\/em><\/div>\n<div><\/div>\n<div>K\u0131z\u0131l\u00f6tesi Yak\u0131nla\u015ft\u0131rma<\/div>\n<div>\u2022 \u00c7ift Termal Kameralar<\/div>\n<div>\u2022 \u00c7\u00f6z\u00fcn\u00fcrl\u00fck: 640 x512<\/div>\n<div>\u2022 2x Yak\u0131nla\u015ft\u0131rma (E\u015fde\u011fer Odak Uzakl\u0131\u011f\u0131: 53 mm)<\/div>\n<div>\u2022 8x Yak\u0131nla\u015ft\u0131rma (E\u015fde\u011fer Odak Uzakl\u0131\u011f\u0131: 196 mm)<\/div>\n<div><\/div>\n<div><em><strong>B\u00fcy\u00fck Resmi G\u00f6r\u00fcn<\/strong><\/em><\/div>\n<div>\u2022 Gece G\u00f6r\u00fc\u015f\u00fc Geni\u015f Kamera<\/div>\n<div>\u2022 Y\u0131ld\u0131z I\u015f\u0131\u011f\u0131 Sens\u00f6r\u00fc : 2MP<\/div>\n<div>\u2022 Perde Aras\u0131ndan Daha G\u00fc\u00e7l\u00fc D\u00fc\u015f\u00fck I\u015f\u0131k Performans\u0131<\/div>\n<div><\/div>\n<div><em><strong>Delme<\/strong><\/em><\/div>\n<div>\u2022 Gece G\u00f6r\u00fc\u015fl\u00fc Zoom Kamera<\/div>\n<div>\u2022 Y\u0131ld\u0131z I\u015f\u0131\u011f\u0131 Sens\u00f6r\u00fc: 4MP<\/div>\n<div>\u2022 20 x Optik Yak\u0131nla\u015ft\u0131rma, 128 x Maks Yak\u0131nla\u015ft\u0131rma<\/div>\n<div>\u2022 D\u00fc\u015f\u00fck I\u015f\u0131k Ayr\u0131nt\u0131lar\u0131<\/div>\n<div><\/div>\n<div><em><strong>Kesin Mesafe Verileri<\/strong><\/em><\/div>\n<div>\u2022 Lazer Mesafe Bulucu<\/div>\n<div>\u2022 Menzil: 3 ila 1200m<\/div>\n<div>\u2022 Do\u011fruluk: +\/- (0,2m + D x0,15)2<\/div>\n<div><\/div>\n<div>Y\u00fckseltmek i\u00e7in Termal ve Y\u0131ld\u0131z I\u015f\u0131\u011f\u0131nda G\u00f6r\u00fc\u015f Operasyonlar\u0131n\u0131z;<\/div>\n<div><\/div>\n<div>Gece Boyunca G\u00f6r\u00fcn<\/div>\n<div>Yak\u0131nla\u015ft\u0131rma ve geni\u015f a\u00e7\u0131l\u0131 kameralar, d\u00fc\u015f\u00fck \u0131\u015f\u0131kl\u0131 ortamlar i\u00e7in \u00f6zel olarak tasarlanm\u0131\u015f y\u0131ld\u0131z \u0131\u015f\u0131\u011f\u0131 sens\u00f6rleriyle donat\u0131lm\u0131\u015ft\u0131r.<\/div>\n<div><\/div>\n<div>K\u0131z\u0131l\u00f6tesi Yak\u0131nla\u015ft\u0131rma<\/div>\n<div>\u0130ki termal kamera s\u0131ras\u0131yla 2 x ve 8 x yak\u0131nla\u015ft\u0131rma sa\u011flar ve birlikte 32 x&#8217;e kadar yak\u0131nla\u015ft\u0131rma sa\u011flar. Yak\u0131nla\u015ft\u0131rd\u0131ktan sonra etkin noktalar\u0131 bulun ve ayr\u0131nt\u0131l\u0131 olarak inceleyin.<\/div>\n<div><\/div>\n<div>Senkronize B\u00f6l\u00fcnm\u00fc\u015f Ekran Yak\u0131nla\u015ft\u0131rma<\/div>\n<div>H20N, termal ve y\u0131ld\u0131z \u0131\u015f\u0131\u011f\u0131 gece g\u00f6r\u00fc\u015f kameralar\u0131 aras\u0131nda senkronize yak\u0131nla\u015ft\u0131rmay\u0131 destekler. Kullan\u0131c\u0131lar her iki g\u00f6r\u00fcnt\u00fcy\u00fc ayn\u0131 anda \u00f6l\u00e7ekleyebilir. Bu, verimlili\u011fi ikiye katlar ve ayr\u0131nt\u0131lar\u0131 yan yana kar\u015f\u0131la\u015ft\u0131rmay\u0131 kolayla\u015ft\u0131r\u0131r.<\/div>\n<div><\/div>\n<div><em><strong>Daha Ak\u0131ll\u0131 \u00d6zellikler<\/strong><\/em><\/div>\n<div>\u2022 PinPoint<\/div>\n<div>\u2022 Ak\u0131ll\u0131 \u0130zleme<\/div>\n<div>\u2022 Y\u00fcksek \u00c7\u00f6z\u00fcn\u00fcrl\u00fckl\u00fc Izgara Foto\u011fraf\u0131<\/div>\n<div>\u2022 Tek dokunu\u015fla Panorama<\/div>\n<div><\/div>\n<h3>Termal \u00d6zellikler:<\/h3>\n<div><em><strong>Renk Paletleri<\/strong><\/em><\/div>\n<div>Termal verilere uygulanan renkleri g\u00f6rev gereksinimlerine g\u00f6re ayarlay\u0131n.<\/div>\n<div><\/div>\n<div><em><strong>\u0130zotermler<\/strong><\/em><\/div>\n<div>Hedeflerinizi vurgulamak i\u00e7in belirli bir s\u0131cakl\u0131k band\u0131n\u0131 g\u00f6rselle\u015ftirin.<\/div>\n<div><\/div>\n<div><em><strong>S\u0131cakl\u0131k Alarm<\/strong><\/em><\/div>\n<div>Nesne s\u0131cakl\u0131klar\u0131 \u00f6nceden ayarlanm\u0131\u015f uyar\u0131 de\u011ferlerinizi a\u015ft\u0131\u011f\u0131nda DJI Pilot&#8217;ta an\u0131nda bildirim al\u0131n.<\/div>\n<div><\/div>\n<div><em><strong>Kazan\u00e7 Modlar\u0131<\/strong><\/em><\/div>\n<div>Yakalanan s\u0131cakl\u0131k aral\u0131\u011f\u0131n\u0131 de\u011fi\u015ftirmek i\u00e7in kazan\u00e7 modlar\u0131n\u0131 ayarlay\u0131n: Y\u00fcksek Kazan\u00e7 Modu daha k\u00fc\u00e7\u00fck bir s\u0131cakl\u0131k aral\u0131\u011f\u0131n\u0131 kapsar ancak s\u0131cakl\u0131k farkl\u0131l\u0131klar\u0131na daha duyarl\u0131d\u0131r; D\u00fc\u015f\u00fck Kazan\u00e7 Modu daha geni\u015f bir s\u0131cakl\u0131k aral\u0131\u011f\u0131n\u0131 kapsar.<\/div>\n<div><\/div>\n<div><em><strong>R-JPEG G\u00f6r\u00fcnt\u00fcleri<\/strong><\/em><\/div>\n<div><em><strong>Zenmuse H20N<\/strong><\/em>\u00a0taraf\u0131ndan \u00e7ekilen g\u00f6r\u00fcnt\u00fcler, g\u00f6m\u00fcl\u00fc s\u0131cakl\u0131k bilgileriyle birlikte R-JPEG format\u0131ndad\u0131r. Bu g\u00f6r\u00fcnt\u00fcleri DJI Termal Analiz Arac\u0131na aktararak s\u0131cakl\u0131\u011f\u0131 \u00f6l\u00e7ebilir ve Emisivite ve Yans\u0131yan S\u0131cakl\u0131k gibi parametreleri ayarlayabilirsiniz.<\/div>\n","protected":false},"excerpt":{"rendered":"<p>DJI Zenmuse H20N \u00d6zellikleri &#x2714;&#xfe0f;Y\u0131ld\u0131z I\u015f\u0131\u011f\u0131 Gece G\u00f6r\u00fc\u015f\u00fc &#x2714;&#xfe0f;640&#215;512 \u00c7ift Termal Kameralar. 2 x, 8 x Optik Yak\u0131nla\u015ft\u0131rma &#x2714;&#xfe0f;20 x Hibrit Optik Yak\u0131nla\u015ft\u0131rma &#x2714;&#xfe0f;Lazer menzil bulucu. 1200m Maksimum Menzil &#x2714;&#xfe0f;Senkronize B\u00f6l\u00fcnm\u00fc\u015f Ekran Yak\u0131nla\u015ft\u0131rma &#x2714;&#xfe0f;Ak\u0131ll\u0131 Gece Manzaras\u0131 Geli\u015ftirme &#x2714;&#xfe0f;IP44 Derecelendirmesi &#x2714;&#xfe0f;-20 Derece C ila 50 Derece C \u00c7al\u0131\u015fma S\u0131cakl\u0131\u011f\u0131 DJI Zenmuse H20N Hakk\u0131nda &#8211; Zenmuse H20N&#8230;<\/p>\n","protected":false},"featured_media":9942,"comment_status":"open","ping_status":"closed","template":"","meta":[],"product_cat":[304],"product_tag":[],"_links":{"self":[{"href":"https:\/\/soleilsky.com.tr\/shop\/wp-json\/wp\/v2\/product\/9941"}],"collection":[{"href":"https:\/\/soleilsky.com.tr\/shop\/wp-json\/wp\/v2\/product"}],"about":[{"href":"https:\/\/soleilsky.com.tr\/shop\/wp-json\/wp\/v2\/types\/product"}],"replies":[{"embeddable":true,"href":"https:\/\/soleilsky.com.tr\/shop\/wp-json\/wp\/v2\/comments?post=9941"}],"wp:featuredmedia":[{"embeddable":true,"href":"https:\/\/soleilsky.com.tr\/shop\/wp-json\/wp\/v2\/media\/9942"}],"wp:attachment":[{"href":"https:\/\/soleilsky.com.tr\/shop\/wp-json\/wp\/v2\/media?parent=9941"}],"wp:term":[{"taxonomy":"product_cat","embeddable":true,"href":"https:\/\/soleilsky.com.tr\/shop\/wp-json\/wp\/v2\/product_cat?post=9941"},{"taxonomy":"product_tag","embeddable":true,"href":"https:\/\/soleilsky.com.tr\/shop\/wp-json\/wp\/v2\/product_tag?post=9941"}],"curies":[{"name":"wp","href":"https:\/\/api.w.org\/{rel}","templated":true}]}}